{"id":1345,"date":"2018-10-23T11:50:57","date_gmt":"2018-10-23T09:50:57","guid":{"rendered":"http:\/\/www.cabinetmarechaux.com\/?post_type=tribe_events&#038;p=1345"},"modified":"2018-10-23T12:07:52","modified_gmt":"2018-10-23T10:07:52","slug":"biarritz-28-octobre","status":"publish","type":"tribe_events","link":"https:\/\/www.cabinetmarechaux.com\/index.php\/event\/biarritz-28-octobre\/","title":{"rendered":"MF CARAYOL BIARRITZ ENCHERES"},"content":{"rendered":"<p>Alexandre ALTMANN (1878-1932)<\/p>\n<p>Les rochers \u00e0 Saint-Jean-de-Luz<\/p>\n<p>Huile sur toile, sign\u00e9e en bas \u00e0 gauche, situ\u00e9e et dat\u00e9e 1912<\/p>\n<p>54,5 x 65 cm<\/p>\n<p>Provenance : ancienne collection Antonin Personnaz<\/p>\n<p>Nous remercions Monsieur Jean S\u00e9bastien Altmann de nous avoir verbalement confirm\u00e9 l&rsquo;authenticit\u00e9 de ce tableau.<\/p>\n","protected":false},"excerpt":{"rendered":"<p>Alexandre ALTMANN (1878-1932) Les rochers \u00e0 Saint-Jean-de-Luz Huile sur toile, sign\u00e9e en bas \u00e0 gauche, situ\u00e9e et dat\u00e9e 1912 54,5 x 65 cm Provenance : ancienne collection Antonin Personnaz Nous &hellip; <\/p>\n<p class=\"link-more\"><a href=\"https:\/\/www.cabinetmarechaux.com\/index.php\/event\/biarritz-28-octobre\/\" class=\"more-link\">Lire la suite de<span class=\"screen-reader-text\">\u00ab\u00a0MF CARAYOL BIARRITZ ENCHERES\u00a0\u00bb<\/span><\/a><\/p>\n","protected":false},"author":1,"featured_media":1346,"template":"","meta":{"_monsterinsights_skip_tracking":false,"_monsterinsights_sitenote_active":false,"_monsterinsights_sitenote_note":"","_monsterinsights_sitenote_category":0,"ngg_post_thumbnail":0,"_tribe_events_status":"","_tribe_events_status_reason":"","footnotes":""},"tags":[],"tribe_events_cat":[10],"class_list":["post-1345","tribe_events","type-tribe_events","status-publish","has-post-thumbnail","hentry","tribe_events_cat-ventes","cat_ventes"],"yoast_head":"<!-- This site is optimized with the Yoast SEO plugin v20.10 - https:\/\/yoast.com\/wordpress\/plugins\/seo\/ -->\n<title>MF CARAYOL BIARRITZ ENCHERES - Cabinet Mar\u00e9chaux<\/title>\n<meta name=\"robots\" content=\"index, follow, max-snippet:-1, max-image-preview:large, max-video-preview:-1\" \/>\n<link rel=\"canonical\" href=\"https:\/\/www.cabinetmarechaux.com\/index.php\/event\/biarritz-28-octobre\/\" \/>\n<meta property=\"og:locale\" content=\"fr_FR\" \/>\n<meta property=\"og:type\" content=\"article\" \/>\n<meta property=\"og:title\" content=\"MF CARAYOL BIARRITZ ENCHERES - Cabinet Mar\u00e9chaux\" \/>\n<meta property=\"og:description\" content=\"Alexandre ALTMANN (1878-1932) Les rochers \u00e0 Saint-Jean-de-Luz Huile sur toile, sign\u00e9e en bas \u00e0 gauche, situ\u00e9e et dat\u00e9e 1912 54,5 x 65 cm Provenance : ancienne collection Antonin Personnaz Nous &hellip; Lire la suite de\u00ab\u00a0MF CARAYOL BIARRITZ ENCHERES\u00a0\u00bb\" \/>\n<meta property=\"og:url\" content=\"https:\/\/www.cabinetmarechaux.com\/index.php\/event\/biarritz-28-octobre\/\" \/>\n<meta property=\"og:site_name\" content=\"Cabinet Mar\u00e9chaux\" \/>\n<meta property=\"article:publisher\" content=\"https:\/\/www.facebook.com\/elisabethmarechaux\/?locale=fr_FR\" \/>\n<meta property=\"article:modified_time\" content=\"2018-10-23T10:07:52+00:00\" \/>\n<meta property=\"og:image\" content=\"https:\/\/www.cabinetmarechaux.com\/wp-content\/uploads\/2018\/10\/IMG_3278.jpeg\" \/>\n\t<meta property=\"og:image:width\" content=\"2480\" \/>\n\t<meta property=\"og:image:height\" content=\"2078\" \/>\n\t<meta property=\"og:image:type\" content=\"image\/jpeg\" \/>\n<meta name=\"twitter:card\" content=\"summary_large_image\" \/>\n<script type=\"application\/ld+json\" class=\"yoast-schema-graph\">{\"@context\":\"https:\/\/schema.org\",\"@graph\":[{\"@type\":\"WebPage\",\"@id\":\"https:\/\/www.cabinetmarechaux.com\/index.php\/event\/biarritz-28-octobre\/\",\"url\":\"https:\/\/www.cabinetmarechaux.com\/index.php\/event\/biarritz-28-octobre\/\",\"name\":\"MF CARAYOL BIARRITZ ENCHERES - Cabinet Mar\u00e9chaux\",\"isPartOf\":{\"@id\":\"https:\/\/www.cabinetmarechaux.com\/#website\"},\"datePublished\":\"2018-10-23T09:50:57+00:00\",\"dateModified\":\"2018-10-23T10:07:52+00:00\",\"breadcrumb\":{\"@id\":\"https:\/\/www.cabinetmarechaux.com\/index.php\/event\/biarritz-28-octobre\/#breadcrumb\"},\"inLanguage\":\"fr-FR\",\"potentialAction\":[{\"@type\":\"ReadAction\",\"target\":[\"https:\/\/www.cabinetmarechaux.com\/index.php\/event\/biarritz-28-octobre\/\"]}]},{\"@type\":\"BreadcrumbList\",\"@id\":\"https:\/\/www.cabinetmarechaux.com\/index.php\/event\/biarritz-28-octobre\/#breadcrumb\",\"itemListElement\":[{\"@type\":\"ListItem\",\"position\":1,\"name\":\"Accueil\",\"item\":\"https:\/\/www.cabinetmarechaux.com\/\"},{\"@type\":\"ListItem\",\"position\":2,\"name\":\"\u00c9v\u00e8nements\",\"item\":\"https:\/\/www.cabinetmarechaux.com\/index.php\/events\/\"},{\"@type\":\"ListItem\",\"position\":3,\"name\":\"MF CARAYOL BIARRITZ ENCHERES\"}]},{\"@type\":\"WebSite\",\"@id\":\"https:\/\/www.cabinetmarechaux.com\/#website\",\"url\":\"https:\/\/www.cabinetmarechaux.com\/\",\"name\":\"Cabinet Mar\u00e9chaux\",\"description\":\"Expertise : tableaux, dessins, sculptures des XIXe et XXe si\u00e8cles\",\"publisher\":{\"@id\":\"https:\/\/www.cabinetmarechaux.com\/#organization\"},\"potentialAction\":[{\"@type\":\"SearchAction\",\"target\":{\"@type\":\"EntryPoint\",\"urlTemplate\":\"https:\/\/www.cabinetmarechaux.com\/?s={search_term_string}\"},\"query-input\":\"required name=search_term_string\"}],\"inLanguage\":\"fr-FR\"},{\"@type\":\"Organization\",\"@id\":\"https:\/\/www.cabinetmarechaux.com\/#organization\",\"name\":\"Cabinet Mar\u00e9chaux\",\"url\":\"https:\/\/www.cabinetmarechaux.com\/\",\"logo\":{\"@type\":\"ImageObject\",\"inLanguage\":\"fr-FR\",\"@id\":\"https:\/\/www.cabinetmarechaux.com\/#\/schema\/logo\/image\/\",\"url\":\"https:\/\/www.cabinetmarechaux.com\/wp-content\/uploads\/2023\/06\/cabinet-marechaux.jpg\",\"contentUrl\":\"https:\/\/www.cabinetmarechaux.com\/wp-content\/uploads\/2023\/06\/cabinet-marechaux.jpg\",\"width\":180,\"height\":180,\"caption\":\"Cabinet Mar\u00e9chaux\"},\"image\":{\"@id\":\"https:\/\/www.cabinetmarechaux.com\/#\/schema\/logo\/image\/\"},\"sameAs\":[\"https:\/\/www.facebook.com\/elisabethmarechaux\/?locale=fr_FR\",\"https:\/\/www.instagram.com\/cabinetmarechaux\/\"]}]}<\/script>\n<!-- \/ Yoast SEO plugin. -->","yoast_head_json":{"title":"MF CARAYOL BIARRITZ ENCHERES - Cabinet Mar\u00e9chaux","robots":{"index":"index","follow":"follow","max-snippet":"max-snippet:-1","max-image-preview":"max-image-preview:large","max-video-preview":"max-video-preview:-1"},"canonical":"https:\/\/www.cabinetmarechaux.com\/index.php\/event\/biarritz-28-octobre\/","og_locale":"fr_FR","og_type":"article","og_title":"MF CARAYOL BIARRITZ ENCHERES - Cabinet Mar\u00e9chaux","og_description":"Alexandre ALTMANN (1878-1932) Les rochers \u00e0 Saint-Jean-de-Luz Huile sur toile, sign\u00e9e en bas \u00e0 gauche, situ\u00e9e et dat\u00e9e 1912 54,5 x 65 cm Provenance : ancienne collection Antonin Personnaz Nous &hellip; Lire la suite de\u00ab\u00a0MF CARAYOL BIARRITZ ENCHERES\u00a0\u00bb","og_url":"https:\/\/www.cabinetmarechaux.com\/index.php\/event\/biarritz-28-octobre\/","og_site_name":"Cabinet Mar\u00e9chaux","article_publisher":"https:\/\/www.facebook.com\/elisabethmarechaux\/?locale=fr_FR","article_modified_time":"2018-10-23T10:07:52+00:00","og_image":[{"width":2480,"height":2078,"url":"https:\/\/www.cabinetmarechaux.com\/wp-content\/uploads\/2018\/10\/IMG_3278.jpeg","type":"image\/jpeg"}],"twitter_card":"summary_large_image","schema":{"@context":"https:\/\/schema.org","@graph":[{"@type":"WebPage","@id":"https:\/\/www.cabinetmarechaux.com\/index.php\/event\/biarritz-28-octobre\/","url":"https:\/\/www.cabinetmarechaux.com\/index.php\/event\/biarritz-28-octobre\/","name":"MF CARAYOL BIARRITZ ENCHERES - Cabinet Mar\u00e9chaux","isPartOf":{"@id":"https:\/\/www.cabinetmarechaux.com\/#website"},"datePublished":"2018-10-23T09:50:57+00:00","dateModified":"2018-10-23T10:07:52+00:00","breadcrumb":{"@id":"https:\/\/www.cabinetmarechaux.com\/index.php\/event\/biarritz-28-octobre\/#breadcrumb"},"inLanguage":"fr-FR","potentialAction":[{"@type":"ReadAction","target":["https:\/\/www.cabinetmarechaux.com\/index.php\/event\/biarritz-28-octobre\/"]}]},{"@type":"BreadcrumbList","@id":"https:\/\/www.cabinetmarechaux.com\/index.php\/event\/biarritz-28-octobre\/#breadcrumb","itemListElement":[{"@type":"ListItem","position":1,"name":"Accueil","item":"https:\/\/www.cabinetmarechaux.com\/"},{"@type":"ListItem","position":2,"name":"\u00c9v\u00e8nements","item":"https:\/\/www.cabinetmarechaux.com\/index.php\/events\/"},{"@type":"ListItem","position":3,"name":"MF CARAYOL BIARRITZ ENCHERES"}]},{"@type":"WebSite","@id":"https:\/\/www.cabinetmarechaux.com\/#website","url":"https:\/\/www.cabinetmarechaux.com\/","name":"Cabinet Mar\u00e9chaux","description":"Expertise : tableaux, dessins, sculptures des XIXe et XXe si\u00e8cles","publisher":{"@id":"https:\/\/www.cabinetmarechaux.com\/#organization"},"potentialAction":[{"@type":"SearchAction","target":{"@type":"EntryPoint","urlTemplate":"https:\/\/www.cabinetmarechaux.com\/?s={search_term_string}"},"query-input":"required name=search_term_string"}],"inLanguage":"fr-FR"},{"@type":"Organization","@id":"https:\/\/www.cabinetmarechaux.com\/#organization","name":"Cabinet Mar\u00e9chaux","url":"https:\/\/www.cabinetmarechaux.com\/","logo":{"@type":"ImageObject","inLanguage":"fr-FR","@id":"https:\/\/www.cabinetmarechaux.com\/#\/schema\/logo\/image\/","url":"https:\/\/www.cabinetmarechaux.com\/wp-content\/uploads\/2023\/06\/cabinet-marechaux.jpg","contentUrl":"https:\/\/www.cabinetmarechaux.com\/wp-content\/uploads\/2023\/06\/cabinet-marechaux.jpg","width":180,"height":180,"caption":"Cabinet Mar\u00e9chaux"},"image":{"@id":"https:\/\/www.cabinetmarechaux.com\/#\/schema\/logo\/image\/"},"sameAs":["https:\/\/www.facebook.com\/elisabethmarechaux\/?locale=fr_FR","https:\/\/www.instagram.com\/cabinetmarechaux\/"]}]}},"_links":{"self":[{"href":"https:\/\/www.cabinetmarechaux.com\/index.php\/wp-json\/wp\/v2\/tribe_events\/1345","targetHints":{"allow":["GET"]}}],"collection":[{"href":"https:\/\/www.cabinetmarechaux.com\/index.php\/wp-json\/wp\/v2\/tribe_events"}],"about":[{"href":"https:\/\/www.cabinetmarechaux.com\/index.php\/wp-json\/wp\/v2\/types\/tribe_events"}],"author":[{"embeddable":true,"href":"https:\/\/www.cabinetmarechaux.com\/index.php\/wp-json\/wp\/v2\/users\/1"}],"version-history":[{"count":3,"href":"https:\/\/www.cabinetmarechaux.com\/index.php\/wp-json\/wp\/v2\/tribe_events\/1345\/revisions"}],"predecessor-version":[{"id":1358,"href":"https:\/\/www.cabinetmarechaux.com\/index.php\/wp-json\/wp\/v2\/tribe_events\/1345\/revisions\/1358"}],"wp:featuredmedia":[{"embeddable":true,"href":"https:\/\/www.cabinetmarechaux.com\/index.php\/wp-json\/wp\/v2\/media\/1346"}],"wp:attachment":[{"href":"https:\/\/www.cabinetmarechaux.com\/index.php\/wp-json\/wp\/v2\/media?parent=1345"}],"wp:term":[{"taxonomy":"post_tag","embeddable":true,"href":"https:\/\/www.cabinetmarechaux.com\/index.php\/wp-json\/wp\/v2\/tags?post=1345"},{"taxonomy":"tribe_events_cat","embeddable":true,"href":"https:\/\/www.cabinetmarechaux.com\/index.php\/wp-json\/wp\/v2\/tribe_events_cat?post=1345"}],"curies":[{"name":"wp","href":"https:\/\/api.w.org\/{rel}","templated":true}]}}

<p>Alexandre ALTMANN (1878-1932)</p>
<p>Les rochers à Saint-Jean-de-Luz</p>
<p>Huile sur toile, signée en bas à gauche, située et datée 1912</p>
<p>54,5 x 65 cm</p>
<p>Provenance : ancienne collection Antonin Personnaz</p>
<p>Nous remercions Monsieur Jean Sébastien Altmann de nous avoir verbalement confirmé l&rsquo;authenticité de ce tableau.</p>

<p>Alexandre ALTMANN (1878-1932) Les rochers à Saint-Jean-de-Luz Huile sur toile, signée en bas à gauche, située et datée 1912 54,5 x 65 cm Provenance : ancienne collection Antonin Personnaz Nous &hellip; </p>
<p class="link-more"><a href="https://www.cabinetmarechaux.com/index.php/event/biarritz-28-octobre/" class="more-link">Lire la suite de<span class="screen-reader-text">« MF CARAYOL BIARRITZ ENCHERES »</span></a></p>

<!-- This site is optimized with the Yoast SEO plugin v20.10 - https://yoast.com/wordpress/plugins/seo/ -->
<title>MF CARAYOL BIARRITZ ENCHERES - Cabinet Maréchaux</title>
<meta name="robots" content="index, follow, max-snippet:-1, max-image-preview:large, max-video-preview:-1" />
<link rel="canonical" href="https://www.cabinetmarechaux.com/index.php/event/biarritz-28-octobre/" />
<meta property="og:locale" content="fr_FR" />
<meta property="og:type" content="article" />
<meta property="og:title" content="MF CARAYOL BIARRITZ ENCHERES - Cabinet Maréchaux" />
<meta property="og:description" content="Alexandre ALTMANN (1878-1932) Les rochers à Saint-Jean-de-Luz Huile sur toile, signée en bas à gauche, située et datée 1912 54,5 x 65 cm Provenance : ancienne collection Antonin Personnaz Nous &hellip; Lire la suite de« MF CARAYOL BIARRITZ ENCHERES »" />
<meta property="og:url" content="https://www.cabinetmarechaux.com/index.php/event/biarritz-28-octobre/" />
<meta property="og:site_name" content="Cabinet Maréchaux" />
<meta property="article:publisher" content="https://www.facebook.com/elisabethmarechaux/?locale=fr_FR" />
<meta property="article:modified_time" content="2018-10-23T10:07:52+00:00" />
<meta property="og:image" content="https://www.cabinetmarechaux.com/wp-content/uploads/2018/10/IMG_3278.jpeg" />
	<meta property="og:image:width" content="2480" />
	<meta property="og:image:height" content="2078" />
	<meta property="og:image:type" content="image/jpeg" />
<meta name="twitter:card" content="summary_large_image" />
<script type="application/ld+json" class="yoast-schema-graph">{"@context":"https://schema.org","@graph":[{"@type":"WebPage","@id":"https://www.cabinetmarechaux.com/index.php/event/biarritz-28-octobre/","url":"https://www.cabinetmarechaux.com/index.php/event/biarritz-28-octobre/","name":"MF CARAYOL BIARRITZ ENCHERES - Cabinet Maréchaux","isPartOf":{"@id":"https://www.cabinetmarechaux.com/#website"},"datePublished":"2018-10-23T09:50:57+00:00","dateModified":"2018-10-23T10:07:52+00:00","breadcrumb":{"@id":"https://www.cabinetmarechaux.com/index.php/event/biarritz-28-octobre/#breadcrumb"},"inLanguage":"fr-FR","potentialAction":[{"@type":"ReadAction","target":["https://www.cabinetmarechaux.com/index.php/event/biarritz-28-octobre/"]}]},{"@type":"BreadcrumbList","@id":"https://www.cabinetmarechaux.com/index.php/event/biarritz-28-octobre/#breadcrumb","itemListElement":[{"@type":"ListItem","position":1,"name":"Accueil","item":"https://www.cabinetmarechaux.com/"},{"@type":"ListItem","position":2,"name":"Évènements","item":"https://www.cabinetmarechaux.com/index.php/events/"},{"@type":"ListItem","position":3,"name":"MF CARAYOL BIARRITZ ENCHERES"}]},{"@type":"WebSite","@id":"https://www.cabinetmarechaux.com/#website","url":"https://www.cabinetmarechaux.com/","name":"Cabinet Maréchaux","description":"Expertise : tableaux, dessins, sculptures des XIXe et XXe siècles","publisher":{"@id":"https://www.cabinetmarechaux.com/#organization"},"potentialAction":[{"@type":"SearchAction","target":{"@type":"EntryPoint","urlTemplate":"https://www.cabinetmarechaux.com/?s={search_term_string}"},"query-input":"required name=search_term_string"}],"inLanguage":"fr-FR"},{"@type":"Organization","@id":"https://www.cabinetmarechaux.com/#organization","name":"Cabinet Maréchaux","url":"https://www.cabinetmarechaux.com/","logo":{"@type":"ImageObject","inLanguage":"fr-FR","@id":"https://www.cabinetmarechaux.com/#/schema/logo/image/","url":"https://www.cabinetmarechaux.com/wp-content/uploads/2023/06/cabinet-marechaux.jpg","contentUrl":"https://www.cabinetmarechaux.com/wp-content/uploads/2023/06/cabinet-marechaux.jpg","width":180,"height":180,"caption":"Cabinet Maréchaux"},"image":{"@id":"https://www.cabinetmarechaux.com/#/schema/logo/image/"},"sameAs":["https://www.facebook.com/elisabethmarechaux/?locale=fr_FR","https://www.instagram.com/cabinetmarechaux/"]}]}</script>
<!-- / Yoast SEO plugin. -->

MF CARAYOL BIARRITZ ENCHERES - Cabinet Maréchaux

Alexandre ALTMANN (1878-1932) Les rochers à Saint-Jean-de-Luz Huile sur toile, signée en bas à gauche, située et datée 1912 54,5 x 65 cm Provenance : ancienne collection Antonin Personnaz Nous &hellip; Lire la suite de« MF CARAYOL BIARRITZ ENCHERES »

Cabinet Maréchaux

Évènements

Expertise : tableaux, dessins, sculptures des XIXe et XXe siècles
