{"id":1426,"date":"2019-01-24T11:16:38","date_gmt":"2019-01-24T10:16:38","guid":{"rendered":"http:\/\/www.cabinetmarechaux.com\/?post_type=tribe_events&#038;p=1426"},"modified":"2019-02-04T10:51:49","modified_gmt":"2019-02-04T09:51:49","slug":"hotel-des-ventes-de-poitiers","status":"publish","type":"tribe_events","link":"https:\/\/www.cabinetmarechaux.com\/index.php\/event\/hotel-des-ventes-de-poitiers\/","title":{"rendered":"HOTEL DES VENTES DE POITIERS"},"content":{"rendered":"<div class=\"\">\n<div class=\"\">\n<div class=\"row\">\n<div class=\"small-12 columns\">\n<div class=\"\"><\/div>\n<\/div>\n<\/div>\n<div class=\"row\">\n<div class=\"small-12 columns\">\n<p class=\"\">\n<\/div>\n<\/div>\n<p class=\"description\">Georges\u00a0ARTEMOFF\u00a0(1892-1965)<br class=\"\" \/>L&rsquo;Annonciation, c.1942-1945<br class=\"\" \/>Huile sur toile, sign\u00e9e en bas \u00e0 gauche.<br class=\"\" \/>100 x 120 cm<br class=\"\" \/>Bibliographie :\u00a0<br class=\"\" \/>&#8211; Desjardins Ren\u00e9, L&rsquo;oeuvre religieuse de Georges Artemoff, tir\u00e9 \u00e0 part de la revue Les Amis de l&rsquo;Eleona, Toulouse, 1966. Rep. p.9<br class=\"\" \/>&#8211; Ruffi\u00e9 Paul, Georges Artemoff, Editions Privat, Toulouse, 2018. D\u00e9crit et reproduit sous le n\u00b0293, p. 179.<\/p>\n<p class=\"description\"><span class=\"\">Lot n\u00b0322<\/span><\/p>\n<\/div>\n<\/div>\n","protected":false},"excerpt":{"rendered":"<p>Georges\u00a0ARTEMOFF\u00a0(1892-1965)L&rsquo;Annonciation, c.1942-1945Huile sur toile, sign\u00e9e en bas \u00e0 gauche.100 x 120 cmBibliographie :\u00a0&#8211; Desjardins Ren\u00e9, L&rsquo;oeuvre religieuse de Georges Artemoff, tir\u00e9 \u00e0 part de la revue Les Amis de l&rsquo;Eleona, &hellip; <\/p>\n<p class=\"link-more\"><a href=\"https:\/\/www.cabinetmarechaux.com\/index.php\/event\/hotel-des-ventes-de-poitiers\/\" class=\"more-link\">Lire la suite de<span class=\"screen-reader-text\">\u00ab\u00a0HOTEL DES VENTES DE POITIERS\u00a0\u00bb<\/span><\/a><\/p>\n","protected":false},"author":1,"featured_media":1427,"template":"","meta":{"_monsterinsights_skip_tracking":false,"_monsterinsights_sitenote_active":false,"_monsterinsights_sitenote_note":"","_monsterinsights_sitenote_category":0,"ngg_post_thumbnail":0,"_tribe_events_status":"","_tribe_events_status_reason":"","footnotes":""},"tags":[],"tribe_events_cat":[10],"class_list":["post-1426","tribe_events","type-tribe_events","status-publish","has-post-thumbnail","hentry","tribe_events_cat-ventes","cat_ventes"],"yoast_head":"<!-- This site is optimized with the Yoast SEO plugin v20.10 - https:\/\/yoast.com\/wordpress\/plugins\/seo\/ -->\n<title>HOTEL DES VENTES DE POITIERS - Cabinet Mar\u00e9chaux<\/title>\n<meta name=\"robots\" content=\"index, follow, max-snippet:-1, max-image-preview:large, max-video-preview:-1\" \/>\n<link rel=\"canonical\" href=\"https:\/\/www.cabinetmarechaux.com\/index.php\/event\/hotel-des-ventes-de-poitiers\/\" \/>\n<meta property=\"og:locale\" content=\"fr_FR\" \/>\n<meta property=\"og:type\" content=\"article\" \/>\n<meta property=\"og:title\" content=\"HOTEL DES VENTES DE POITIERS - Cabinet Mar\u00e9chaux\" \/>\n<meta property=\"og:description\" content=\"Georges\u00a0ARTEMOFF\u00a0(1892-1965)L&rsquo;Annonciation, c.1942-1945Huile sur toile, sign\u00e9e en bas \u00e0 gauche.100 x 120 cmBibliographie :\u00a0&#8211; Desjardins Ren\u00e9, L&rsquo;oeuvre religieuse de Georges Artemoff, tir\u00e9 \u00e0 part de la revue Les Amis de l&rsquo;Eleona, &hellip; Lire la suite de\u00ab\u00a0HOTEL DES VENTES DE POITIERS\u00a0\u00bb\" \/>\n<meta property=\"og:url\" content=\"https:\/\/www.cabinetmarechaux.com\/index.php\/event\/hotel-des-ventes-de-poitiers\/\" \/>\n<meta property=\"og:site_name\" content=\"Cabinet Mar\u00e9chaux\" \/>\n<meta property=\"article:publisher\" content=\"https:\/\/www.facebook.com\/elisabethmarechaux\/?locale=fr_FR\" \/>\n<meta property=\"article:modified_time\" content=\"2019-02-04T09:51:49+00:00\" \/>\n<meta property=\"og:image\" content=\"https:\/\/www.cabinetmarechaux.com\/wp-content\/uploads\/2019\/01\/214A8613-1024x852.jpg\" \/>\n\t<meta property=\"og:image:width\" content=\"1024\" \/>\n\t<meta property=\"og:image:height\" content=\"852\" \/>\n\t<meta property=\"og:image:type\" content=\"image\/jpeg\" \/>\n<meta name=\"twitter:card\" content=\"summary_large_image\" \/>\n<script type=\"application\/ld+json\" class=\"yoast-schema-graph\">{\"@context\":\"https:\/\/schema.org\",\"@graph\":[{\"@type\":\"WebPage\",\"@id\":\"https:\/\/www.cabinetmarechaux.com\/index.php\/event\/hotel-des-ventes-de-poitiers\/\",\"url\":\"https:\/\/www.cabinetmarechaux.com\/index.php\/event\/hotel-des-ventes-de-poitiers\/\",\"name\":\"HOTEL DES VENTES DE POITIERS - Cabinet Mar\u00e9chaux\",\"isPartOf\":{\"@id\":\"https:\/\/www.cabinetmarechaux.com\/#website\"},\"datePublished\":\"2019-01-24T10:16:38+00:00\",\"dateModified\":\"2019-02-04T09:51:49+00:00\",\"breadcrumb\":{\"@id\":\"https:\/\/www.cabinetmarechaux.com\/index.php\/event\/hotel-des-ventes-de-poitiers\/#breadcrumb\"},\"inLanguage\":\"fr-FR\",\"potentialAction\":[{\"@type\":\"ReadAction\",\"target\":[\"https:\/\/www.cabinetmarechaux.com\/index.php\/event\/hotel-des-ventes-de-poitiers\/\"]}]},{\"@type\":\"BreadcrumbList\",\"@id\":\"https:\/\/www.cabinetmarechaux.com\/index.php\/event\/hotel-des-ventes-de-poitiers\/#breadcrumb\",\"itemListElement\":[{\"@type\":\"ListItem\",\"position\":1,\"name\":\"Accueil\",\"item\":\"https:\/\/www.cabinetmarechaux.com\/\"},{\"@type\":\"ListItem\",\"position\":2,\"name\":\"\u00c9v\u00e8nements\",\"item\":\"https:\/\/www.cabinetmarechaux.com\/index.php\/events\/\"},{\"@type\":\"ListItem\",\"position\":3,\"name\":\"HOTEL DES VENTES DE POITIERS\"}]},{\"@type\":\"WebSite\",\"@id\":\"https:\/\/www.cabinetmarechaux.com\/#website\",\"url\":\"https:\/\/www.cabinetmarechaux.com\/\",\"name\":\"Cabinet Mar\u00e9chaux\",\"description\":\"Expertise : tableaux, dessins, sculptures des XIXe et XXe si\u00e8cles\",\"publisher\":{\"@id\":\"https:\/\/www.cabinetmarechaux.com\/#organization\"},\"potentialAction\":[{\"@type\":\"SearchAction\",\"target\":{\"@type\":\"EntryPoint\",\"urlTemplate\":\"https:\/\/www.cabinetmarechaux.com\/?s={search_term_string}\"},\"query-input\":\"required name=search_term_string\"}],\"inLanguage\":\"fr-FR\"},{\"@type\":\"Organization\",\"@id\":\"https:\/\/www.cabinetmarechaux.com\/#organization\",\"name\":\"Cabinet Mar\u00e9chaux\",\"url\":\"https:\/\/www.cabinetmarechaux.com\/\",\"logo\":{\"@type\":\"ImageObject\",\"inLanguage\":\"fr-FR\",\"@id\":\"https:\/\/www.cabinetmarechaux.com\/#\/schema\/logo\/image\/\",\"url\":\"https:\/\/www.cabinetmarechaux.com\/wp-content\/uploads\/2023\/06\/cabinet-marechaux.jpg\",\"contentUrl\":\"https:\/\/www.cabinetmarechaux.com\/wp-content\/uploads\/2023\/06\/cabinet-marechaux.jpg\",\"width\":180,\"height\":180,\"caption\":\"Cabinet Mar\u00e9chaux\"},\"image\":{\"@id\":\"https:\/\/www.cabinetmarechaux.com\/#\/schema\/logo\/image\/\"},\"sameAs\":[\"https:\/\/www.facebook.com\/elisabethmarechaux\/?locale=fr_FR\",\"https:\/\/www.instagram.com\/cabinetmarechaux\/\"]}]}<\/script>\n<!-- \/ Yoast SEO plugin. -->","yoast_head_json":{"title":"HOTEL DES VENTES DE POITIERS - Cabinet Mar\u00e9chaux","robots":{"index":"index","follow":"follow","max-snippet":"max-snippet:-1","max-image-preview":"max-image-preview:large","max-video-preview":"max-video-preview:-1"},"canonical":"https:\/\/www.cabinetmarechaux.com\/index.php\/event\/hotel-des-ventes-de-poitiers\/","og_locale":"fr_FR","og_type":"article","og_title":"HOTEL DES VENTES DE POITIERS - Cabinet Mar\u00e9chaux","og_description":"Georges\u00a0ARTEMOFF\u00a0(1892-1965)L&rsquo;Annonciation, c.1942-1945Huile sur toile, sign\u00e9e en bas \u00e0 gauche.100 x 120 cmBibliographie :\u00a0&#8211; Desjardins Ren\u00e9, L&rsquo;oeuvre religieuse de Georges Artemoff, tir\u00e9 \u00e0 part de la revue Les Amis de l&rsquo;Eleona, &hellip; Lire la suite de\u00ab\u00a0HOTEL DES VENTES DE POITIERS\u00a0\u00bb","og_url":"https:\/\/www.cabinetmarechaux.com\/index.php\/event\/hotel-des-ventes-de-poitiers\/","og_site_name":"Cabinet Mar\u00e9chaux","article_publisher":"https:\/\/www.facebook.com\/elisabethmarechaux\/?locale=fr_FR","article_modified_time":"2019-02-04T09:51:49+00:00","og_image":[{"width":1024,"height":852,"url":"https:\/\/www.cabinetmarechaux.com\/wp-content\/uploads\/2019\/01\/214A8613-1024x852.jpg","type":"image\/jpeg"}],"twitter_card":"summary_large_image","schema":{"@context":"https:\/\/schema.org","@graph":[{"@type":"WebPage","@id":"https:\/\/www.cabinetmarechaux.com\/index.php\/event\/hotel-des-ventes-de-poitiers\/","url":"https:\/\/www.cabinetmarechaux.com\/index.php\/event\/hotel-des-ventes-de-poitiers\/","name":"HOTEL DES VENTES DE POITIERS - Cabinet Mar\u00e9chaux","isPartOf":{"@id":"https:\/\/www.cabinetmarechaux.com\/#website"},"datePublished":"2019-01-24T10:16:38+00:00","dateModified":"2019-02-04T09:51:49+00:00","breadcrumb":{"@id":"https:\/\/www.cabinetmarechaux.com\/index.php\/event\/hotel-des-ventes-de-poitiers\/#breadcrumb"},"inLanguage":"fr-FR","potentialAction":[{"@type":"ReadAction","target":["https:\/\/www.cabinetmarechaux.com\/index.php\/event\/hotel-des-ventes-de-poitiers\/"]}]},{"@type":"BreadcrumbList","@id":"https:\/\/www.cabinetmarechaux.com\/index.php\/event\/hotel-des-ventes-de-poitiers\/#breadcrumb","itemListElement":[{"@type":"ListItem","position":1,"name":"Accueil","item":"https:\/\/www.cabinetmarechaux.com\/"},{"@type":"ListItem","position":2,"name":"\u00c9v\u00e8nements","item":"https:\/\/www.cabinetmarechaux.com\/index.php\/events\/"},{"@type":"ListItem","position":3,"name":"HOTEL DES VENTES DE POITIERS"}]},{"@type":"WebSite","@id":"https:\/\/www.cabinetmarechaux.com\/#website","url":"https:\/\/www.cabinetmarechaux.com\/","name":"Cabinet Mar\u00e9chaux","description":"Expertise : tableaux, dessins, sculptures des XIXe et XXe si\u00e8cles","publisher":{"@id":"https:\/\/www.cabinetmarechaux.com\/#organization"},"potentialAction":[{"@type":"SearchAction","target":{"@type":"EntryPoint","urlTemplate":"https:\/\/www.cabinetmarechaux.com\/?s={search_term_string}"},"query-input":"required name=search_term_string"}],"inLanguage":"fr-FR"},{"@type":"Organization","@id":"https:\/\/www.cabinetmarechaux.com\/#organization","name":"Cabinet Mar\u00e9chaux","url":"https:\/\/www.cabinetmarechaux.com\/","logo":{"@type":"ImageObject","inLanguage":"fr-FR","@id":"https:\/\/www.cabinetmarechaux.com\/#\/schema\/logo\/image\/","url":"https:\/\/www.cabinetmarechaux.com\/wp-content\/uploads\/2023\/06\/cabinet-marechaux.jpg","contentUrl":"https:\/\/www.cabinetmarechaux.com\/wp-content\/uploads\/2023\/06\/cabinet-marechaux.jpg","width":180,"height":180,"caption":"Cabinet Mar\u00e9chaux"},"image":{"@id":"https:\/\/www.cabinetmarechaux.com\/#\/schema\/logo\/image\/"},"sameAs":["https:\/\/www.facebook.com\/elisabethmarechaux\/?locale=fr_FR","https:\/\/www.instagram.com\/cabinetmarechaux\/"]}]}},"_links":{"self":[{"href":"https:\/\/www.cabinetmarechaux.com\/index.php\/wp-json\/wp\/v2\/tribe_events\/1426","targetHints":{"allow":["GET"]}}],"collection":[{"href":"https:\/\/www.cabinetmarechaux.com\/index.php\/wp-json\/wp\/v2\/tribe_events"}],"about":[{"href":"https:\/\/www.cabinetmarechaux.com\/index.php\/wp-json\/wp\/v2\/types\/tribe_events"}],"author":[{"embeddable":true,"href":"https:\/\/www.cabinetmarechaux.com\/index.php\/wp-json\/wp\/v2\/users\/1"}],"version-history":[{"count":3,"href":"https:\/\/www.cabinetmarechaux.com\/index.php\/wp-json\/wp\/v2\/tribe_events\/1426\/revisions"}],"predecessor-version":[{"id":1440,"href":"https:\/\/www.cabinetmarechaux.com\/index.php\/wp-json\/wp\/v2\/tribe_events\/1426\/revisions\/1440"}],"wp:featuredmedia":[{"embeddable":true,"href":"https:\/\/www.cabinetmarechaux.com\/index.php\/wp-json\/wp\/v2\/media\/1427"}],"wp:attachment":[{"href":"https:\/\/www.cabinetmarechaux.com\/index.php\/wp-json\/wp\/v2\/media?parent=1426"}],"wp:term":[{"taxonomy":"post_tag","embeddable":true,"href":"https:\/\/www.cabinetmarechaux.com\/index.php\/wp-json\/wp\/v2\/tags?post=1426"},{"taxonomy":"tribe_events_cat","embeddable":true,"href":"https:\/\/www.cabinetmarechaux.com\/index.php\/wp-json\/wp\/v2\/tribe_events_cat?post=1426"}],"curies":[{"name":"wp","href":"https:\/\/api.w.org\/{rel}","templated":true}]}}

<div class="">
<div class="">
<div class="row">
<div class="small-12 columns">
<div class=""></div>
</div>
</div>
<div class="row">
<div class="small-12 columns">
<p class="">
</div>
</div>
<p class="description">Georges ARTEMOFF (1892-1965)<br class="" />L&rsquo;Annonciation, c.1942-1945<br class="" />Huile sur toile, signée en bas à gauche.<br class="" />100 x 120 cm<br class="" />Bibliographie : <br class="" />&#8211; Desjardins René, L&rsquo;oeuvre religieuse de Georges Artemoff, tiré à part de la revue Les Amis de l&rsquo;Eleona, Toulouse, 1966. Rep. p.9<br class="" />&#8211; Ruffié Paul, Georges Artemoff, Editions Privat, Toulouse, 2018. Décrit et reproduit sous le n°293, p. 179.</p>
<p class="description"><span class="">Lot n°322</span></p>
</div>
</div>

<p>Georges ARTEMOFF (1892-1965)L&rsquo;Annonciation, c.1942-1945Huile sur toile, signée en bas à gauche.100 x 120 cmBibliographie : &#8211; Desjardins René, L&rsquo;oeuvre religieuse de Georges Artemoff, tiré à part de la revue Les Amis de l&rsquo;Eleona, &hellip; </p>
<p class="link-more"><a href="https://www.cabinetmarechaux.com/index.php/event/hotel-des-ventes-de-poitiers/" class="more-link">Lire la suite de<span class="screen-reader-text">« HOTEL DES VENTES DE POITIERS »</span></a></p>

<!-- This site is optimized with the Yoast SEO plugin v20.10 - https://yoast.com/wordpress/plugins/seo/ -->
<title>HOTEL DES VENTES DE POITIERS - Cabinet Maréchaux</title>
<meta name="robots" content="index, follow, max-snippet:-1, max-image-preview:large, max-video-preview:-1" />
<link rel="canonical" href="https://www.cabinetmarechaux.com/index.php/event/hotel-des-ventes-de-poitiers/" />
<meta property="og:locale" content="fr_FR" />
<meta property="og:type" content="article" />
<meta property="og:title" content="HOTEL DES VENTES DE POITIERS - Cabinet Maréchaux" />
<meta property="og:description" content="Georges ARTEMOFF (1892-1965)L&rsquo;Annonciation, c.1942-1945Huile sur toile, signée en bas à gauche.100 x 120 cmBibliographie : &#8211; Desjardins René, L&rsquo;oeuvre religieuse de Georges Artemoff, tiré à part de la revue Les Amis de l&rsquo;Eleona, &hellip; Lire la suite de« HOTEL DES VENTES DE POITIERS »" />
<meta property="og:url" content="https://www.cabinetmarechaux.com/index.php/event/hotel-des-ventes-de-poitiers/" />
<meta property="og:site_name" content="Cabinet Maréchaux" />
<meta property="article:publisher" content="https://www.facebook.com/elisabethmarechaux/?locale=fr_FR" />
<meta property="article:modified_time" content="2019-02-04T09:51:49+00:00" />
<meta property="og:image" content="https://www.cabinetmarechaux.com/wp-content/uploads/2019/01/214A8613-1024x852.jpg" />
	<meta property="og:image:width" content="1024" />
	<meta property="og:image:height" content="852" />
	<meta property="og:image:type" content="image/jpeg" />
<meta name="twitter:card" content="summary_large_image" />
<script type="application/ld+json" class="yoast-schema-graph">{"@context":"https://schema.org","@graph":[{"@type":"WebPage","@id":"https://www.cabinetmarechaux.com/index.php/event/hotel-des-ventes-de-poitiers/","url":"https://www.cabinetmarechaux.com/index.php/event/hotel-des-ventes-de-poitiers/","name":"HOTEL DES VENTES DE POITIERS - Cabinet Maréchaux","isPartOf":{"@id":"https://www.cabinetmarechaux.com/#website"},"datePublished":"2019-01-24T10:16:38+00:00","dateModified":"2019-02-04T09:51:49+00:00","breadcrumb":{"@id":"https://www.cabinetmarechaux.com/index.php/event/hotel-des-ventes-de-poitiers/#breadcrumb"},"inLanguage":"fr-FR","potentialAction":[{"@type":"ReadAction","target":["https://www.cabinetmarechaux.com/index.php/event/hotel-des-ventes-de-poitiers/"]}]},{"@type":"BreadcrumbList","@id":"https://www.cabinetmarechaux.com/index.php/event/hotel-des-ventes-de-poitiers/#breadcrumb","itemListElement":[{"@type":"ListItem","position":1,"name":"Accueil","item":"https://www.cabinetmarechaux.com/"},{"@type":"ListItem","position":2,"name":"Évènements","item":"https://www.cabinetmarechaux.com/index.php/events/"},{"@type":"ListItem","position":3,"name":"HOTEL DES VENTES DE POITIERS"}]},{"@type":"WebSite","@id":"https://www.cabinetmarechaux.com/#website","url":"https://www.cabinetmarechaux.com/","name":"Cabinet Maréchaux","description":"Expertise : tableaux, dessins, sculptures des XIXe et XXe siècles","publisher":{"@id":"https://www.cabinetmarechaux.com/#organization"},"potentialAction":[{"@type":"SearchAction","target":{"@type":"EntryPoint","urlTemplate":"https://www.cabinetmarechaux.com/?s={search_term_string}"},"query-input":"required name=search_term_string"}],"inLanguage":"fr-FR"},{"@type":"Organization","@id":"https://www.cabinetmarechaux.com/#organization","name":"Cabinet Maréchaux","url":"https://www.cabinetmarechaux.com/","logo":{"@type":"ImageObject","inLanguage":"fr-FR","@id":"https://www.cabinetmarechaux.com/#/schema/logo/image/","url":"https://www.cabinetmarechaux.com/wp-content/uploads/2023/06/cabinet-marechaux.jpg","contentUrl":"https://www.cabinetmarechaux.com/wp-content/uploads/2023/06/cabinet-marechaux.jpg","width":180,"height":180,"caption":"Cabinet Maréchaux"},"image":{"@id":"https://www.cabinetmarechaux.com/#/schema/logo/image/"},"sameAs":["https://www.facebook.com/elisabethmarechaux/?locale=fr_FR","https://www.instagram.com/cabinetmarechaux/"]}]}</script>
<!-- / Yoast SEO plugin. -->

HOTEL DES VENTES DE POITIERS - Cabinet Maréchaux

Georges ARTEMOFF (1892-1965)L&rsquo;Annonciation, c.1942-1945Huile sur toile, signée en bas à gauche.100 x 120 cmBibliographie : &#8211; Desjardins René, L&rsquo;oeuvre religieuse de Georges Artemoff, tiré à part de la revue Les Amis de l&rsquo;Eleona, &hellip; Lire la suite de« HOTEL DES VENTES DE POITIERS »

Cabinet Maréchaux

Évènements

Expertise : tableaux, dessins, sculptures des XIXe et XXe siècles
