{"id":1510,"date":"2019-03-26T10:59:49","date_gmt":"2019-03-26T09:59:49","guid":{"rendered":"http:\/\/www.cabinetmarechaux.com\/?post_type=tribe_events&#038;p=1510"},"modified":"2019-05-29T11:51:17","modified_gmt":"2019-05-29T09:51:17","slug":"mirabaud-mercier-2","status":"publish","type":"tribe_events","link":"https:\/\/www.cabinetmarechaux.com\/index.php\/event\/mirabaud-mercier-2\/","title":{"rendered":"MIRABAUD MERCIER"},"content":{"rendered":"<p>Charles Albert\u00a0DESPIAU\u00a0(1874-1946<\/p>\n<p><i>Paulette, 1907-1939<\/i><br \/>\nSculpture en pierre, sign\u00e9e en bas du dos.<br \/>\nHauteur: 52 cm<\/p>\n<p><i>Mlle Paulette Pallu, rencontr\u00e9e \u00e0 Mont-de-Marsan posa pour le sculpteur. Son buste en bronze expos\u00e9 au Salon de 1907 fut remarqu\u00e9 par Rodin.<span class=\"Apple-converted-space\">\u00a0<\/span><\/i><\/p>\n<p><i>Peu avant la deuxi\u00e8me guerre mondiale, Despiau travailla \u00e0 nouveau le buste de Paulette, y ajoutant le torse et modifiant l\u00e9g\u00e8rement la coiffure. Il r\u00e9alisa \u00e9galement<span class=\"Apple-converted-space\">\u00a0 <\/span>une pierre en 1939, vraisemblablement celle que nous pr\u00e9sentons.<\/i><\/p>\n<p>Bibliographie :<span class=\"Apple-converted-space\">\u00a0<\/span><\/p>\n<ul>\n<li><i><\/i><i>Charles Despiau Sculptures et dessins<\/i>, Mus\u00e9e Rodin, Paris, 1974, voir n\u00b014.<\/li>\n<li><i><\/i><i>Charles Albert Despiau<\/i>, Collections du Mus\u00e9e Municipal de Mont-de-Marsan, 1982, cit\u00e9 sous le n\u00b05 p.18<i><br \/>\n<\/i><\/li>\n<\/ul>\n","protected":false},"excerpt":{"rendered":"<p>Charles Albert\u00a0DESPIAU\u00a0(1874-1946 Paulette, 1907-1939 Sculpture en pierre, sign\u00e9e en bas du dos. Hauteur: 52 cm Mlle Paulette Pallu, rencontr\u00e9e \u00e0 Mont-de-Marsan posa pour le sculpteur. Son buste en bronze expos\u00e9 &hellip; <\/p>\n<p class=\"link-more\"><a href=\"https:\/\/www.cabinetmarechaux.com\/index.php\/event\/mirabaud-mercier-2\/\" class=\"more-link\">Lire la suite de<span class=\"screen-reader-text\">\u00ab\u00a0MIRABAUD MERCIER\u00a0\u00bb<\/span><\/a><\/p>\n","protected":false},"author":1,"featured_media":1638,"template":"","meta":{"_monsterinsights_skip_tracking":false,"_monsterinsights_sitenote_active":false,"_monsterinsights_sitenote_note":"","_monsterinsights_sitenote_category":0,"ngg_post_thumbnail":0,"_tribe_events_status":"","_tribe_events_status_reason":"","footnotes":""},"tags":[],"tribe_events_cat":[10],"class_list":["post-1510","tribe_events","type-tribe_events","status-publish","has-post-thumbnail","hentry","tribe_events_cat-ventes","cat_ventes"],"yoast_head":"<!-- This site is optimized with the Yoast SEO plugin v20.10 - https:\/\/yoast.com\/wordpress\/plugins\/seo\/ -->\n<title>MIRABAUD MERCIER - Cabinet Mar\u00e9chaux<\/title>\n<meta name=\"robots\" content=\"index, follow, max-snippet:-1, max-image-preview:large, max-video-preview:-1\" \/>\n<link rel=\"canonical\" href=\"https:\/\/www.cabinetmarechaux.com\/index.php\/event\/mirabaud-mercier-2\/\" \/>\n<meta property=\"og:locale\" content=\"fr_FR\" \/>\n<meta property=\"og:type\" content=\"article\" \/>\n<meta property=\"og:title\" content=\"MIRABAUD MERCIER - Cabinet Mar\u00e9chaux\" \/>\n<meta property=\"og:description\" content=\"Charles Albert\u00a0DESPIAU\u00a0(1874-1946 Paulette, 1907-1939 Sculpture en pierre, sign\u00e9e en bas du dos. Hauteur: 52 cm Mlle Paulette Pallu, rencontr\u00e9e \u00e0 Mont-de-Marsan posa pour le sculpteur. Son buste en bronze expos\u00e9 &hellip; Lire la suite de\u00ab\u00a0MIRABAUD MERCIER\u00a0\u00bb\" \/>\n<meta property=\"og:url\" content=\"https:\/\/www.cabinetmarechaux.com\/index.php\/event\/mirabaud-mercier-2\/\" \/>\n<meta property=\"og:site_name\" content=\"Cabinet Mar\u00e9chaux\" \/>\n<meta property=\"article:publisher\" content=\"https:\/\/www.facebook.com\/elisabethmarechaux\/?locale=fr_FR\" \/>\n<meta property=\"article:modified_time\" content=\"2019-05-29T09:51:17+00:00\" \/>\n<meta property=\"og:image\" content=\"https:\/\/www.cabinetmarechaux.com\/wp-content\/uploads\/2019\/03\/IMG_8321-e1559123318173.jpg\" \/>\n\t<meta property=\"og:image:width\" content=\"1936\" \/>\n\t<meta property=\"og:image:height\" content=\"2592\" \/>\n\t<meta property=\"og:image:type\" content=\"image\/jpeg\" \/>\n<meta name=\"twitter:card\" content=\"summary_large_image\" \/>\n<meta name=\"twitter:label1\" content=\"Dur\u00e9e de lecture estim\u00e9e\" \/>\n\t<meta name=\"twitter:data1\" content=\"1 minute\" \/>\n<script type=\"application\/ld+json\" class=\"yoast-schema-graph\">{\"@context\":\"https:\/\/schema.org\",\"@graph\":[{\"@type\":\"WebPage\",\"@id\":\"https:\/\/www.cabinetmarechaux.com\/index.php\/event\/mirabaud-mercier-2\/\",\"url\":\"https:\/\/www.cabinetmarechaux.com\/index.php\/event\/mirabaud-mercier-2\/\",\"name\":\"MIRABAUD MERCIER - Cabinet Mar\u00e9chaux\",\"isPartOf\":{\"@id\":\"https:\/\/www.cabinetmarechaux.com\/#website\"},\"datePublished\":\"2019-03-26T09:59:49+00:00\",\"dateModified\":\"2019-05-29T09:51:17+00:00\",\"breadcrumb\":{\"@id\":\"https:\/\/www.cabinetmarechaux.com\/index.php\/event\/mirabaud-mercier-2\/#breadcrumb\"},\"inLanguage\":\"fr-FR\",\"potentialAction\":[{\"@type\":\"ReadAction\",\"target\":[\"https:\/\/www.cabinetmarechaux.com\/index.php\/event\/mirabaud-mercier-2\/\"]}]},{\"@type\":\"BreadcrumbList\",\"@id\":\"https:\/\/www.cabinetmarechaux.com\/index.php\/event\/mirabaud-mercier-2\/#breadcrumb\",\"itemListElement\":[{\"@type\":\"ListItem\",\"position\":1,\"name\":\"Accueil\",\"item\":\"https:\/\/www.cabinetmarechaux.com\/\"},{\"@type\":\"ListItem\",\"position\":2,\"name\":\"\u00c9v\u00e8nements\",\"item\":\"https:\/\/www.cabinetmarechaux.com\/index.php\/events\/\"},{\"@type\":\"ListItem\",\"position\":3,\"name\":\"MIRABAUD MERCIER\"}]},{\"@type\":\"WebSite\",\"@id\":\"https:\/\/www.cabinetmarechaux.com\/#website\",\"url\":\"https:\/\/www.cabinetmarechaux.com\/\",\"name\":\"Cabinet Mar\u00e9chaux\",\"description\":\"Expertise : tableaux, dessins, sculptures des XIXe et XXe si\u00e8cles\",\"publisher\":{\"@id\":\"https:\/\/www.cabinetmarechaux.com\/#organization\"},\"potentialAction\":[{\"@type\":\"SearchAction\",\"target\":{\"@type\":\"EntryPoint\",\"urlTemplate\":\"https:\/\/www.cabinetmarechaux.com\/?s={search_term_string}\"},\"query-input\":\"required name=search_term_string\"}],\"inLanguage\":\"fr-FR\"},{\"@type\":\"Organization\",\"@id\":\"https:\/\/www.cabinetmarechaux.com\/#organization\",\"name\":\"Cabinet Mar\u00e9chaux\",\"url\":\"https:\/\/www.cabinetmarechaux.com\/\",\"logo\":{\"@type\":\"ImageObject\",\"inLanguage\":\"fr-FR\",\"@id\":\"https:\/\/www.cabinetmarechaux.com\/#\/schema\/logo\/image\/\",\"url\":\"https:\/\/www.cabinetmarechaux.com\/wp-content\/uploads\/2023\/06\/cabinet-marechaux.jpg\",\"contentUrl\":\"https:\/\/www.cabinetmarechaux.com\/wp-content\/uploads\/2023\/06\/cabinet-marechaux.jpg\",\"width\":180,\"height\":180,\"caption\":\"Cabinet Mar\u00e9chaux\"},\"image\":{\"@id\":\"https:\/\/www.cabinetmarechaux.com\/#\/schema\/logo\/image\/\"},\"sameAs\":[\"https:\/\/www.facebook.com\/elisabethmarechaux\/?locale=fr_FR\",\"https:\/\/www.instagram.com\/cabinetmarechaux\/\"]}]}<\/script>\n<!-- \/ Yoast SEO plugin. -->","yoast_head_json":{"title":"MIRABAUD MERCIER - Cabinet Mar\u00e9chaux","robots":{"index":"index","follow":"follow","max-snippet":"max-snippet:-1","max-image-preview":"max-image-preview:large","max-video-preview":"max-video-preview:-1"},"canonical":"https:\/\/www.cabinetmarechaux.com\/index.php\/event\/mirabaud-mercier-2\/","og_locale":"fr_FR","og_type":"article","og_title":"MIRABAUD MERCIER - Cabinet Mar\u00e9chaux","og_description":"Charles Albert\u00a0DESPIAU\u00a0(1874-1946 Paulette, 1907-1939 Sculpture en pierre, sign\u00e9e en bas du dos. Hauteur: 52 cm Mlle Paulette Pallu, rencontr\u00e9e \u00e0 Mont-de-Marsan posa pour le sculpteur. Son buste en bronze expos\u00e9 &hellip; Lire la suite de\u00ab\u00a0MIRABAUD MERCIER\u00a0\u00bb","og_url":"https:\/\/www.cabinetmarechaux.com\/index.php\/event\/mirabaud-mercier-2\/","og_site_name":"Cabinet Mar\u00e9chaux","article_publisher":"https:\/\/www.facebook.com\/elisabethmarechaux\/?locale=fr_FR","article_modified_time":"2019-05-29T09:51:17+00:00","og_image":[{"width":1936,"height":2592,"url":"https:\/\/www.cabinetmarechaux.com\/wp-content\/uploads\/2019\/03\/IMG_8321-e1559123318173.jpg","type":"image\/jpeg"}],"twitter_card":"summary_large_image","twitter_misc":{"Dur\u00e9e de lecture estim\u00e9e":"1 minute"},"schema":{"@context":"https:\/\/schema.org","@graph":[{"@type":"WebPage","@id":"https:\/\/www.cabinetmarechaux.com\/index.php\/event\/mirabaud-mercier-2\/","url":"https:\/\/www.cabinetmarechaux.com\/index.php\/event\/mirabaud-mercier-2\/","name":"MIRABAUD MERCIER - Cabinet Mar\u00e9chaux","isPartOf":{"@id":"https:\/\/www.cabinetmarechaux.com\/#website"},"datePublished":"2019-03-26T09:59:49+00:00","dateModified":"2019-05-29T09:51:17+00:00","breadcrumb":{"@id":"https:\/\/www.cabinetmarechaux.com\/index.php\/event\/mirabaud-mercier-2\/#breadcrumb"},"inLanguage":"fr-FR","potentialAction":[{"@type":"ReadAction","target":["https:\/\/www.cabinetmarechaux.com\/index.php\/event\/mirabaud-mercier-2\/"]}]},{"@type":"BreadcrumbList","@id":"https:\/\/www.cabinetmarechaux.com\/index.php\/event\/mirabaud-mercier-2\/#breadcrumb","itemListElement":[{"@type":"ListItem","position":1,"name":"Accueil","item":"https:\/\/www.cabinetmarechaux.com\/"},{"@type":"ListItem","position":2,"name":"\u00c9v\u00e8nements","item":"https:\/\/www.cabinetmarechaux.com\/index.php\/events\/"},{"@type":"ListItem","position":3,"name":"MIRABAUD MERCIER"}]},{"@type":"WebSite","@id":"https:\/\/www.cabinetmarechaux.com\/#website","url":"https:\/\/www.cabinetmarechaux.com\/","name":"Cabinet Mar\u00e9chaux","description":"Expertise : tableaux, dessins, sculptures des XIXe et XXe si\u00e8cles","publisher":{"@id":"https:\/\/www.cabinetmarechaux.com\/#organization"},"potentialAction":[{"@type":"SearchAction","target":{"@type":"EntryPoint","urlTemplate":"https:\/\/www.cabinetmarechaux.com\/?s={search_term_string}"},"query-input":"required name=search_term_string"}],"inLanguage":"fr-FR"},{"@type":"Organization","@id":"https:\/\/www.cabinetmarechaux.com\/#organization","name":"Cabinet Mar\u00e9chaux","url":"https:\/\/www.cabinetmarechaux.com\/","logo":{"@type":"ImageObject","inLanguage":"fr-FR","@id":"https:\/\/www.cabinetmarechaux.com\/#\/schema\/logo\/image\/","url":"https:\/\/www.cabinetmarechaux.com\/wp-content\/uploads\/2023\/06\/cabinet-marechaux.jpg","contentUrl":"https:\/\/www.cabinetmarechaux.com\/wp-content\/uploads\/2023\/06\/cabinet-marechaux.jpg","width":180,"height":180,"caption":"Cabinet Mar\u00e9chaux"},"image":{"@id":"https:\/\/www.cabinetmarechaux.com\/#\/schema\/logo\/image\/"},"sameAs":["https:\/\/www.facebook.com\/elisabethmarechaux\/?locale=fr_FR","https:\/\/www.instagram.com\/cabinetmarechaux\/"]}]}},"_links":{"self":[{"href":"https:\/\/www.cabinetmarechaux.com\/index.php\/wp-json\/wp\/v2\/tribe_events\/1510","targetHints":{"allow":["GET"]}}],"collection":[{"href":"https:\/\/www.cabinetmarechaux.com\/index.php\/wp-json\/wp\/v2\/tribe_events"}],"about":[{"href":"https:\/\/www.cabinetmarechaux.com\/index.php\/wp-json\/wp\/v2\/types\/tribe_events"}],"author":[{"embeddable":true,"href":"https:\/\/www.cabinetmarechaux.com\/index.php\/wp-json\/wp\/v2\/users\/1"}],"version-history":[{"count":4,"href":"https:\/\/www.cabinetmarechaux.com\/index.php\/wp-json\/wp\/v2\/tribe_events\/1510\/revisions"}],"predecessor-version":[{"id":1641,"href":"https:\/\/www.cabinetmarechaux.com\/index.php\/wp-json\/wp\/v2\/tribe_events\/1510\/revisions\/1641"}],"wp:featuredmedia":[{"embeddable":true,"href":"https:\/\/www.cabinetmarechaux.com\/index.php\/wp-json\/wp\/v2\/media\/1638"}],"wp:attachment":[{"href":"https:\/\/www.cabinetmarechaux.com\/index.php\/wp-json\/wp\/v2\/media?parent=1510"}],"wp:term":[{"taxonomy":"post_tag","embeddable":true,"href":"https:\/\/www.cabinetmarechaux.com\/index.php\/wp-json\/wp\/v2\/tags?post=1510"},{"taxonomy":"tribe_events_cat","embeddable":true,"href":"https:\/\/www.cabinetmarechaux.com\/index.php\/wp-json\/wp\/v2\/tribe_events_cat?post=1510"}],"curies":[{"name":"wp","href":"https:\/\/api.w.org\/{rel}","templated":true}]}}

<p>Charles Albert DESPIAU (1874-1946</p>
<p><i>Paulette, 1907-1939</i><br />
Sculpture en pierre, signée en bas du dos.<br />
Hauteur: 52 cm</p>
<p><i>Mlle Paulette Pallu, rencontrée à Mont-de-Marsan posa pour le sculpteur. Son buste en bronze exposé au Salon de 1907 fut remarqué par Rodin.<span class="Apple-converted-space"> </span></i></p>
<p><i>Peu avant la deuxième guerre mondiale, Despiau travailla à nouveau le buste de Paulette, y ajoutant le torse et modifiant légèrement la coiffure. Il réalisa également<span class="Apple-converted-space">  </span>une pierre en 1939, vraisemblablement celle que nous présentons.</i></p>
<p>Bibliographie :<span class="Apple-converted-space"> </span></p>
<ul>
<li><i></i><i>Charles Despiau Sculptures et dessins</i>, Musée Rodin, Paris, 1974, voir n°14.</li>
<li><i></i><i>Charles Albert Despiau</i>, Collections du Musée Municipal de Mont-de-Marsan, 1982, cité sous le n°5 p.18<i><br />
</i></li>
</ul>

<p>Charles Albert DESPIAU (1874-1946 Paulette, 1907-1939 Sculpture en pierre, signée en bas du dos. Hauteur: 52 cm Mlle Paulette Pallu, rencontrée à Mont-de-Marsan posa pour le sculpteur. Son buste en bronze exposé &hellip; </p>
<p class="link-more"><a href="https://www.cabinetmarechaux.com/index.php/event/mirabaud-mercier-2/" class="more-link">Lire la suite de<span class="screen-reader-text">« MIRABAUD MERCIER »</span></a></p>

<!-- This site is optimized with the Yoast SEO plugin v20.10 - https://yoast.com/wordpress/plugins/seo/ -->
<title>MIRABAUD MERCIER - Cabinet Maréchaux</title>
<meta name="robots" content="index, follow, max-snippet:-1, max-image-preview:large, max-video-preview:-1" />
<link rel="canonical" href="https://www.cabinetmarechaux.com/index.php/event/mirabaud-mercier-2/" />
<meta property="og:locale" content="fr_FR" />
<meta property="og:type" content="article" />
<meta property="og:title" content="MIRABAUD MERCIER - Cabinet Maréchaux" />
<meta property="og:description" content="Charles Albert DESPIAU (1874-1946 Paulette, 1907-1939 Sculpture en pierre, signée en bas du dos. Hauteur: 52 cm Mlle Paulette Pallu, rencontrée à Mont-de-Marsan posa pour le sculpteur. Son buste en bronze exposé &hellip; Lire la suite de« MIRABAUD MERCIER »" />
<meta property="og:url" content="https://www.cabinetmarechaux.com/index.php/event/mirabaud-mercier-2/" />
<meta property="og:site_name" content="Cabinet Maréchaux" />
<meta property="article:publisher" content="https://www.facebook.com/elisabethmarechaux/?locale=fr_FR" />
<meta property="article:modified_time" content="2019-05-29T09:51:17+00:00" />
<meta property="og:image" content="https://www.cabinetmarechaux.com/wp-content/uploads/2019/03/IMG_8321-e1559123318173.jpg" />
	<meta property="og:image:width" content="1936" />
	<meta property="og:image:height" content="2592" />
	<meta property="og:image:type" content="image/jpeg" />
<meta name="twitter:card" content="summary_large_image" />
<meta name="twitter:label1" content="Durée de lecture estimée" />
	<meta name="twitter:data1" content="1 minute" />
<script type="application/ld+json" class="yoast-schema-graph">{"@context":"https://schema.org","@graph":[{"@type":"WebPage","@id":"https://www.cabinetmarechaux.com/index.php/event/mirabaud-mercier-2/","url":"https://www.cabinetmarechaux.com/index.php/event/mirabaud-mercier-2/","name":"MIRABAUD MERCIER - Cabinet Maréchaux","isPartOf":{"@id":"https://www.cabinetmarechaux.com/#website"},"datePublished":"2019-03-26T09:59:49+00:00","dateModified":"2019-05-29T09:51:17+00:00","breadcrumb":{"@id":"https://www.cabinetmarechaux.com/index.php/event/mirabaud-mercier-2/#breadcrumb"},"inLanguage":"fr-FR","potentialAction":[{"@type":"ReadAction","target":["https://www.cabinetmarechaux.com/index.php/event/mirabaud-mercier-2/"]}]},{"@type":"BreadcrumbList","@id":"https://www.cabinetmarechaux.com/index.php/event/mirabaud-mercier-2/#breadcrumb","itemListElement":[{"@type":"ListItem","position":1,"name":"Accueil","item":"https://www.cabinetmarechaux.com/"},{"@type":"ListItem","position":2,"name":"Évènements","item":"https://www.cabinetmarechaux.com/index.php/events/"},{"@type":"ListItem","position":3,"name":"MIRABAUD MERCIER"}]},{"@type":"WebSite","@id":"https://www.cabinetmarechaux.com/#website","url":"https://www.cabinetmarechaux.com/","name":"Cabinet Maréchaux","description":"Expertise : tableaux, dessins, sculptures des XIXe et XXe siècles","publisher":{"@id":"https://www.cabinetmarechaux.com/#organization"},"potentialAction":[{"@type":"SearchAction","target":{"@type":"EntryPoint","urlTemplate":"https://www.cabinetmarechaux.com/?s={search_term_string}"},"query-input":"required name=search_term_string"}],"inLanguage":"fr-FR"},{"@type":"Organization","@id":"https://www.cabinetmarechaux.com/#organization","name":"Cabinet Maréchaux","url":"https://www.cabinetmarechaux.com/","logo":{"@type":"ImageObject","inLanguage":"fr-FR","@id":"https://www.cabinetmarechaux.com/#/schema/logo/image/","url":"https://www.cabinetmarechaux.com/wp-content/uploads/2023/06/cabinet-marechaux.jpg","contentUrl":"https://www.cabinetmarechaux.com/wp-content/uploads/2023/06/cabinet-marechaux.jpg","width":180,"height":180,"caption":"Cabinet Maréchaux"},"image":{"@id":"https://www.cabinetmarechaux.com/#/schema/logo/image/"},"sameAs":["https://www.facebook.com/elisabethmarechaux/?locale=fr_FR","https://www.instagram.com/cabinetmarechaux/"]}]}</script>
<!-- / Yoast SEO plugin. -->

MIRABAUD MERCIER - Cabinet Maréchaux

Charles Albert DESPIAU (1874-1946 Paulette, 1907-1939 Sculpture en pierre, signée en bas du dos. Hauteur: 52 cm Mlle Paulette Pallu, rencontrée à Mont-de-Marsan posa pour le sculpteur. Son buste en bronze exposé &hellip; Lire la suite de« MIRABAUD MERCIER »

Cabinet Maréchaux

Évènements

Expertise : tableaux, dessins, sculptures des XIXe et XXe siècles
