{"id":1908,"date":"2020-03-19T11:52:27","date_gmt":"2020-03-19T10:52:27","guid":{"rendered":"http:\/\/www.cabinetmarechaux.com\/?post_type=tribe_events&#038;p=1908"},"modified":"2020-06-05T10:35:02","modified_gmt":"2020-06-05T08:35:02","slug":"mirabaud-mercier-la-vente-prevue-le-25-mars-est-reportee-au-12-juin-2020","status":"publish","type":"tribe_events","link":"https:\/\/www.cabinetmarechaux.com\/index.php\/event\/mirabaud-mercier-la-vente-prevue-le-25-mars-est-reportee-au-12-juin-2020\/","title":{"rendered":"MIRABAUD MERCIER  samedi 12 juin 2020"},"content":{"rendered":"<p>Pierre PRINS.\u00a01838-1913<\/p>\n<p><i>La Laita au Pouldu \u00e0 mer-basse en Septembre<\/i><\/p>\n<p>Pastel, sign\u00e9 et dat\u00e9 1899 en bas, \u00e0 gauche, dat\u00e9 Septembre en bas, \u00e0 droite<\/p>\n<p>58 x 72 cm<\/p>\n<p>Expositions :<span class=\"Apple-converted-space\">\u00a0<\/span><\/p>\n<p>&#8211; Mus\u00e9e Daubigny, <i>Le cercle Van Gogh et Dr Gachet<\/i>, Auvers\/Oise, n\u00b067<\/p>\n<p>&#8211; Mus\u00e9e des terres Neuvas, <i>Pierre Prins, Pastelliste impressionniste<\/i>. F\u00e9camps, 2013, reproduit pages 80-81<\/p>\n<p>n\u00b0 997 du catalogue g\u00e9n\u00e9ral de l\u2019oeuvre de Prins<\/p>\n","protected":false},"excerpt":{"rendered":"<p>Pierre PRINS.\u00a01838-1913 La Laita au Pouldu \u00e0 mer-basse en Septembre Pastel, sign\u00e9 et dat\u00e9 1899 en bas, \u00e0 gauche, dat\u00e9 Septembre en bas, \u00e0 droite 58 x 72 cm Expositions &hellip; <\/p>\n<p class=\"link-more\"><a href=\"https:\/\/www.cabinetmarechaux.com\/index.php\/event\/mirabaud-mercier-la-vente-prevue-le-25-mars-est-reportee-au-12-juin-2020\/\" class=\"more-link\">Lire la suite de<span class=\"screen-reader-text\">\u00ab\u00a0MIRABAUD MERCIER  samedi 12 juin 2020\u00a0\u00bb<\/span><\/a><\/p>\n","protected":false},"author":1,"featured_media":1909,"template":"","meta":{"_monsterinsights_skip_tracking":false,"_monsterinsights_sitenote_active":false,"_monsterinsights_sitenote_note":"","_monsterinsights_sitenote_category":0,"ngg_post_thumbnail":0,"_tribe_events_status":"","_tribe_events_status_reason":"","footnotes":""},"tags":[],"tribe_events_cat":[],"class_list":["post-1908","tribe_events","type-tribe_events","status-publish","has-post-thumbnail","hentry"],"yoast_head":"<!-- This site is optimized with the Yoast SEO plugin v20.10 - https:\/\/yoast.com\/wordpress\/plugins\/seo\/ -->\n<title>MIRABAUD MERCIER samedi 12 juin 2020 - Cabinet Mar\u00e9chaux<\/title>\n<meta name=\"robots\" content=\"index, follow, max-snippet:-1, max-image-preview:large, max-video-preview:-1\" \/>\n<link rel=\"canonical\" href=\"https:\/\/www.cabinetmarechaux.com\/index.php\/event\/mirabaud-mercier-la-vente-prevue-le-25-mars-est-reportee-au-12-juin-2020\/\" \/>\n<meta property=\"og:locale\" content=\"fr_FR\" \/>\n<meta property=\"og:type\" content=\"article\" \/>\n<meta property=\"og:title\" content=\"MIRABAUD MERCIER samedi 12 juin 2020 - Cabinet Mar\u00e9chaux\" \/>\n<meta property=\"og:description\" content=\"Pierre PRINS.\u00a01838-1913 La Laita au Pouldu \u00e0 mer-basse en Septembre Pastel, sign\u00e9 et dat\u00e9 1899 en bas, \u00e0 gauche, dat\u00e9 Septembre en bas, \u00e0 droite 58 x 72 cm Expositions &hellip; Lire la suite de\u00ab\u00a0MIRABAUD MERCIER samedi 12 juin 2020\u00a0\u00bb\" \/>\n<meta property=\"og:url\" content=\"https:\/\/www.cabinetmarechaux.com\/index.php\/event\/mirabaud-mercier-la-vente-prevue-le-25-mars-est-reportee-au-12-juin-2020\/\" \/>\n<meta property=\"og:site_name\" content=\"Cabinet Mar\u00e9chaux\" \/>\n<meta property=\"article:publisher\" content=\"https:\/\/www.facebook.com\/elisabethmarechaux\/?locale=fr_FR\" \/>\n<meta property=\"article:modified_time\" content=\"2020-06-05T08:35:02+00:00\" \/>\n<meta property=\"og:image\" content=\"https:\/\/www.cabinetmarechaux.com\/wp-content\/uploads\/2020\/03\/IMG_7505.jpeg\" \/>\n\t<meta property=\"og:image:width\" content=\"1442\" \/>\n\t<meta property=\"og:image:height\" content=\"1190\" \/>\n\t<meta property=\"og:image:type\" content=\"image\/jpeg\" \/>\n<meta name=\"twitter:card\" content=\"summary_large_image\" \/>\n<script type=\"application\/ld+json\" class=\"yoast-schema-graph\">{\"@context\":\"https:\/\/schema.org\",\"@graph\":[{\"@type\":\"WebPage\",\"@id\":\"https:\/\/www.cabinetmarechaux.com\/index.php\/event\/mirabaud-mercier-la-vente-prevue-le-25-mars-est-reportee-au-12-juin-2020\/\",\"url\":\"https:\/\/www.cabinetmarechaux.com\/index.php\/event\/mirabaud-mercier-la-vente-prevue-le-25-mars-est-reportee-au-12-juin-2020\/\",\"name\":\"MIRABAUD MERCIER samedi 12 juin 2020 - Cabinet Mar\u00e9chaux\",\"isPartOf\":{\"@id\":\"https:\/\/www.cabinetmarechaux.com\/#website\"},\"datePublished\":\"2020-03-19T10:52:27+00:00\",\"dateModified\":\"2020-06-05T08:35:02+00:00\",\"breadcrumb\":{\"@id\":\"https:\/\/www.cabinetmarechaux.com\/index.php\/event\/mirabaud-mercier-la-vente-prevue-le-25-mars-est-reportee-au-12-juin-2020\/#breadcrumb\"},\"inLanguage\":\"fr-FR\",\"potentialAction\":[{\"@type\":\"ReadAction\",\"target\":[\"https:\/\/www.cabinetmarechaux.com\/index.php\/event\/mirabaud-mercier-la-vente-prevue-le-25-mars-est-reportee-au-12-juin-2020\/\"]}]},{\"@type\":\"BreadcrumbList\",\"@id\":\"https:\/\/www.cabinetmarechaux.com\/index.php\/event\/mirabaud-mercier-la-vente-prevue-le-25-mars-est-reportee-au-12-juin-2020\/#breadcrumb\",\"itemListElement\":[{\"@type\":\"ListItem\",\"position\":1,\"name\":\"Accueil\",\"item\":\"https:\/\/www.cabinetmarechaux.com\/\"},{\"@type\":\"ListItem\",\"position\":2,\"name\":\"\u00c9v\u00e8nements\",\"item\":\"https:\/\/www.cabinetmarechaux.com\/index.php\/events\/\"},{\"@type\":\"ListItem\",\"position\":3,\"name\":\"MIRABAUD MERCIER samedi 12 juin 2020\"}]},{\"@type\":\"WebSite\",\"@id\":\"https:\/\/www.cabinetmarechaux.com\/#website\",\"url\":\"https:\/\/www.cabinetmarechaux.com\/\",\"name\":\"Cabinet Mar\u00e9chaux\",\"description\":\"Expertise : tableaux, dessins, sculptures des XIXe et XXe si\u00e8cles\",\"publisher\":{\"@id\":\"https:\/\/www.cabinetmarechaux.com\/#organization\"},\"potentialAction\":[{\"@type\":\"SearchAction\",\"target\":{\"@type\":\"EntryPoint\",\"urlTemplate\":\"https:\/\/www.cabinetmarechaux.com\/?s={search_term_string}\"},\"query-input\":\"required name=search_term_string\"}],\"inLanguage\":\"fr-FR\"},{\"@type\":\"Organization\",\"@id\":\"https:\/\/www.cabinetmarechaux.com\/#organization\",\"name\":\"Cabinet Mar\u00e9chaux\",\"url\":\"https:\/\/www.cabinetmarechaux.com\/\",\"logo\":{\"@type\":\"ImageObject\",\"inLanguage\":\"fr-FR\",\"@id\":\"https:\/\/www.cabinetmarechaux.com\/#\/schema\/logo\/image\/\",\"url\":\"https:\/\/www.cabinetmarechaux.com\/wp-content\/uploads\/2023\/06\/cabinet-marechaux.jpg\",\"contentUrl\":\"https:\/\/www.cabinetmarechaux.com\/wp-content\/uploads\/2023\/06\/cabinet-marechaux.jpg\",\"width\":180,\"height\":180,\"caption\":\"Cabinet Mar\u00e9chaux\"},\"image\":{\"@id\":\"https:\/\/www.cabinetmarechaux.com\/#\/schema\/logo\/image\/\"},\"sameAs\":[\"https:\/\/www.facebook.com\/elisabethmarechaux\/?locale=fr_FR\",\"https:\/\/www.instagram.com\/cabinetmarechaux\/\"]}]}<\/script>\n<!-- \/ Yoast SEO plugin. -->","yoast_head_json":{"title":"MIRABAUD MERCIER samedi 12 juin 2020 - Cabinet Mar\u00e9chaux","robots":{"index":"index","follow":"follow","max-snippet":"max-snippet:-1","max-image-preview":"max-image-preview:large","max-video-preview":"max-video-preview:-1"},"canonical":"https:\/\/www.cabinetmarechaux.com\/index.php\/event\/mirabaud-mercier-la-vente-prevue-le-25-mars-est-reportee-au-12-juin-2020\/","og_locale":"fr_FR","og_type":"article","og_title":"MIRABAUD MERCIER samedi 12 juin 2020 - Cabinet Mar\u00e9chaux","og_description":"Pierre PRINS.\u00a01838-1913 La Laita au Pouldu \u00e0 mer-basse en Septembre Pastel, sign\u00e9 et dat\u00e9 1899 en bas, \u00e0 gauche, dat\u00e9 Septembre en bas, \u00e0 droite 58 x 72 cm Expositions &hellip; Lire la suite de\u00ab\u00a0MIRABAUD MERCIER samedi 12 juin 2020\u00a0\u00bb","og_url":"https:\/\/www.cabinetmarechaux.com\/index.php\/event\/mirabaud-mercier-la-vente-prevue-le-25-mars-est-reportee-au-12-juin-2020\/","og_site_name":"Cabinet Mar\u00e9chaux","article_publisher":"https:\/\/www.facebook.com\/elisabethmarechaux\/?locale=fr_FR","article_modified_time":"2020-06-05T08:35:02+00:00","og_image":[{"width":1442,"height":1190,"url":"https:\/\/www.cabinetmarechaux.com\/wp-content\/uploads\/2020\/03\/IMG_7505.jpeg","type":"image\/jpeg"}],"twitter_card":"summary_large_image","schema":{"@context":"https:\/\/schema.org","@graph":[{"@type":"WebPage","@id":"https:\/\/www.cabinetmarechaux.com\/index.php\/event\/mirabaud-mercier-la-vente-prevue-le-25-mars-est-reportee-au-12-juin-2020\/","url":"https:\/\/www.cabinetmarechaux.com\/index.php\/event\/mirabaud-mercier-la-vente-prevue-le-25-mars-est-reportee-au-12-juin-2020\/","name":"MIRABAUD MERCIER samedi 12 juin 2020 - Cabinet Mar\u00e9chaux","isPartOf":{"@id":"https:\/\/www.cabinetmarechaux.com\/#website"},"datePublished":"2020-03-19T10:52:27+00:00","dateModified":"2020-06-05T08:35:02+00:00","breadcrumb":{"@id":"https:\/\/www.cabinetmarechaux.com\/index.php\/event\/mirabaud-mercier-la-vente-prevue-le-25-mars-est-reportee-au-12-juin-2020\/#breadcrumb"},"inLanguage":"fr-FR","potentialAction":[{"@type":"ReadAction","target":["https:\/\/www.cabinetmarechaux.com\/index.php\/event\/mirabaud-mercier-la-vente-prevue-le-25-mars-est-reportee-au-12-juin-2020\/"]}]},{"@type":"BreadcrumbList","@id":"https:\/\/www.cabinetmarechaux.com\/index.php\/event\/mirabaud-mercier-la-vente-prevue-le-25-mars-est-reportee-au-12-juin-2020\/#breadcrumb","itemListElement":[{"@type":"ListItem","position":1,"name":"Accueil","item":"https:\/\/www.cabinetmarechaux.com\/"},{"@type":"ListItem","position":2,"name":"\u00c9v\u00e8nements","item":"https:\/\/www.cabinetmarechaux.com\/index.php\/events\/"},{"@type":"ListItem","position":3,"name":"MIRABAUD MERCIER samedi 12 juin 2020"}]},{"@type":"WebSite","@id":"https:\/\/www.cabinetmarechaux.com\/#website","url":"https:\/\/www.cabinetmarechaux.com\/","name":"Cabinet Mar\u00e9chaux","description":"Expertise : tableaux, dessins, sculptures des XIXe et XXe si\u00e8cles","publisher":{"@id":"https:\/\/www.cabinetmarechaux.com\/#organization"},"potentialAction":[{"@type":"SearchAction","target":{"@type":"EntryPoint","urlTemplate":"https:\/\/www.cabinetmarechaux.com\/?s={search_term_string}"},"query-input":"required name=search_term_string"}],"inLanguage":"fr-FR"},{"@type":"Organization","@id":"https:\/\/www.cabinetmarechaux.com\/#organization","name":"Cabinet Mar\u00e9chaux","url":"https:\/\/www.cabinetmarechaux.com\/","logo":{"@type":"ImageObject","inLanguage":"fr-FR","@id":"https:\/\/www.cabinetmarechaux.com\/#\/schema\/logo\/image\/","url":"https:\/\/www.cabinetmarechaux.com\/wp-content\/uploads\/2023\/06\/cabinet-marechaux.jpg","contentUrl":"https:\/\/www.cabinetmarechaux.com\/wp-content\/uploads\/2023\/06\/cabinet-marechaux.jpg","width":180,"height":180,"caption":"Cabinet Mar\u00e9chaux"},"image":{"@id":"https:\/\/www.cabinetmarechaux.com\/#\/schema\/logo\/image\/"},"sameAs":["https:\/\/www.facebook.com\/elisabethmarechaux\/?locale=fr_FR","https:\/\/www.instagram.com\/cabinetmarechaux\/"]}]}},"_links":{"self":[{"href":"https:\/\/www.cabinetmarechaux.com\/index.php\/wp-json\/wp\/v2\/tribe_events\/1908","targetHints":{"allow":["GET"]}}],"collection":[{"href":"https:\/\/www.cabinetmarechaux.com\/index.php\/wp-json\/wp\/v2\/tribe_events"}],"about":[{"href":"https:\/\/www.cabinetmarechaux.com\/index.php\/wp-json\/wp\/v2\/types\/tribe_events"}],"author":[{"embeddable":true,"href":"https:\/\/www.cabinetmarechaux.com\/index.php\/wp-json\/wp\/v2\/users\/1"}],"version-history":[{"count":4,"href":"https:\/\/www.cabinetmarechaux.com\/index.php\/wp-json\/wp\/v2\/tribe_events\/1908\/revisions"}],"predecessor-version":[{"id":1952,"href":"https:\/\/www.cabinetmarechaux.com\/index.php\/wp-json\/wp\/v2\/tribe_events\/1908\/revisions\/1952"}],"wp:featuredmedia":[{"embeddable":true,"href":"https:\/\/www.cabinetmarechaux.com\/index.php\/wp-json\/wp\/v2\/media\/1909"}],"wp:attachment":[{"href":"https:\/\/www.cabinetmarechaux.com\/index.php\/wp-json\/wp\/v2\/media?parent=1908"}],"wp:term":[{"taxonomy":"post_tag","embeddable":true,"href":"https:\/\/www.cabinetmarechaux.com\/index.php\/wp-json\/wp\/v2\/tags?post=1908"},{"taxonomy":"tribe_events_cat","embeddable":true,"href":"https:\/\/www.cabinetmarechaux.com\/index.php\/wp-json\/wp\/v2\/tribe_events_cat?post=1908"}],"curies":[{"name":"wp","href":"https:\/\/api.w.org\/{rel}","templated":true}]}}

<p>Pierre PRINS. 1838-1913</p>
<p><i>La Laita au Pouldu à mer-basse en Septembre</i></p>
<p>Pastel, signé et daté 1899 en bas, à gauche, daté Septembre en bas, à droite</p>
<p>58 x 72 cm</p>
<p>Expositions :<span class="Apple-converted-space"> </span></p>
<p>&#8211; Musée Daubigny, <i>Le cercle Van Gogh et Dr Gachet</i>, Auvers/Oise, n°67</p>
<p>&#8211; Musée des terres Neuvas, <i>Pierre Prins, Pastelliste impressionniste</i>. Fécamps, 2013, reproduit pages 80-81</p>
<p>n° 997 du catalogue général de l’oeuvre de Prins</p>

<p>Pierre PRINS. 1838-1913 La Laita au Pouldu à mer-basse en Septembre Pastel, signé et daté 1899 en bas, à gauche, daté Septembre en bas, à droite 58 x 72 cm Expositions &hellip; </p>
<p class="link-more"><a href="https://www.cabinetmarechaux.com/index.php/event/mirabaud-mercier-la-vente-prevue-le-25-mars-est-reportee-au-12-juin-2020/" class="more-link">Lire la suite de<span class="screen-reader-text">« MIRABAUD MERCIER  samedi 12 juin 2020 »</span></a></p>

<!-- This site is optimized with the Yoast SEO plugin v20.10 - https://yoast.com/wordpress/plugins/seo/ -->
<title>MIRABAUD MERCIER samedi 12 juin 2020 - Cabinet Maréchaux</title>
<meta name="robots" content="index, follow, max-snippet:-1, max-image-preview:large, max-video-preview:-1" />
<link rel="canonical" href="https://www.cabinetmarechaux.com/index.php/event/mirabaud-mercier-la-vente-prevue-le-25-mars-est-reportee-au-12-juin-2020/" />
<meta property="og:locale" content="fr_FR" />
<meta property="og:type" content="article" />
<meta property="og:title" content="MIRABAUD MERCIER samedi 12 juin 2020 - Cabinet Maréchaux" />
<meta property="og:description" content="Pierre PRINS. 1838-1913 La Laita au Pouldu à mer-basse en Septembre Pastel, signé et daté 1899 en bas, à gauche, daté Septembre en bas, à droite 58 x 72 cm Expositions &hellip; Lire la suite de« MIRABAUD MERCIER samedi 12 juin 2020 »" />
<meta property="og:url" content="https://www.cabinetmarechaux.com/index.php/event/mirabaud-mercier-la-vente-prevue-le-25-mars-est-reportee-au-12-juin-2020/" />
<meta property="og:site_name" content="Cabinet Maréchaux" />
<meta property="article:publisher" content="https://www.facebook.com/elisabethmarechaux/?locale=fr_FR" />
<meta property="article:modified_time" content="2020-06-05T08:35:02+00:00" />
<meta property="og:image" content="https://www.cabinetmarechaux.com/wp-content/uploads/2020/03/IMG_7505.jpeg" />
	<meta property="og:image:width" content="1442" />
	<meta property="og:image:height" content="1190" />
	<meta property="og:image:type" content="image/jpeg" />
<meta name="twitter:card" content="summary_large_image" />
<script type="application/ld+json" class="yoast-schema-graph">{"@context":"https://schema.org","@graph":[{"@type":"WebPage","@id":"https://www.cabinetmarechaux.com/index.php/event/mirabaud-mercier-la-vente-prevue-le-25-mars-est-reportee-au-12-juin-2020/","url":"https://www.cabinetmarechaux.com/index.php/event/mirabaud-mercier-la-vente-prevue-le-25-mars-est-reportee-au-12-juin-2020/","name":"MIRABAUD MERCIER samedi 12 juin 2020 - Cabinet Maréchaux","isPartOf":{"@id":"https://www.cabinetmarechaux.com/#website"},"datePublished":"2020-03-19T10:52:27+00:00","dateModified":"2020-06-05T08:35:02+00:00","breadcrumb":{"@id":"https://www.cabinetmarechaux.com/index.php/event/mirabaud-mercier-la-vente-prevue-le-25-mars-est-reportee-au-12-juin-2020/#breadcrumb"},"inLanguage":"fr-FR","potentialAction":[{"@type":"ReadAction","target":["https://www.cabinetmarechaux.com/index.php/event/mirabaud-mercier-la-vente-prevue-le-25-mars-est-reportee-au-12-juin-2020/"]}]},{"@type":"BreadcrumbList","@id":"https://www.cabinetmarechaux.com/index.php/event/mirabaud-mercier-la-vente-prevue-le-25-mars-est-reportee-au-12-juin-2020/#breadcrumb","itemListElement":[{"@type":"ListItem","position":1,"name":"Accueil","item":"https://www.cabinetmarechaux.com/"},{"@type":"ListItem","position":2,"name":"Évènements","item":"https://www.cabinetmarechaux.com/index.php/events/"},{"@type":"ListItem","position":3,"name":"MIRABAUD MERCIER samedi 12 juin 2020"}]},{"@type":"WebSite","@id":"https://www.cabinetmarechaux.com/#website","url":"https://www.cabinetmarechaux.com/","name":"Cabinet Maréchaux","description":"Expertise : tableaux, dessins, sculptures des XIXe et XXe siècles","publisher":{"@id":"https://www.cabinetmarechaux.com/#organization"},"potentialAction":[{"@type":"SearchAction","target":{"@type":"EntryPoint","urlTemplate":"https://www.cabinetmarechaux.com/?s={search_term_string}"},"query-input":"required name=search_term_string"}],"inLanguage":"fr-FR"},{"@type":"Organization","@id":"https://www.cabinetmarechaux.com/#organization","name":"Cabinet Maréchaux","url":"https://www.cabinetmarechaux.com/","logo":{"@type":"ImageObject","inLanguage":"fr-FR","@id":"https://www.cabinetmarechaux.com/#/schema/logo/image/","url":"https://www.cabinetmarechaux.com/wp-content/uploads/2023/06/cabinet-marechaux.jpg","contentUrl":"https://www.cabinetmarechaux.com/wp-content/uploads/2023/06/cabinet-marechaux.jpg","width":180,"height":180,"caption":"Cabinet Maréchaux"},"image":{"@id":"https://www.cabinetmarechaux.com/#/schema/logo/image/"},"sameAs":["https://www.facebook.com/elisabethmarechaux/?locale=fr_FR","https://www.instagram.com/cabinetmarechaux/"]}]}</script>
<!-- / Yoast SEO plugin. -->

MIRABAUD MERCIER samedi 12 juin 2020 - Cabinet Maréchaux

Pierre PRINS. 1838-1913 La Laita au Pouldu à mer-basse en Septembre Pastel, signé et daté 1899 en bas, à gauche, daté Septembre en bas, à droite 58 x 72 cm Expositions &hellip; Lire la suite de« MIRABAUD MERCIER samedi 12 juin 2020 »

Cabinet Maréchaux

Évènements

Expertise : tableaux, dessins, sculptures des XIXe et XXe siècles
