{"id":2420,"date":"2021-12-08T12:22:30","date_gmt":"2021-12-08T11:22:30","guid":{"rendered":"http:\/\/www.cabinetmarechaux.com\/?post_type=tribe_events&#038;p=2420"},"modified":"2021-12-08T12:25:26","modified_gmt":"2021-12-08T11:25:26","slug":"binoche-et-giquello-4","status":"publish","type":"tribe_events","link":"https:\/\/www.cabinetmarechaux.com\/index.php\/event\/binoche-et-giquello-4\/","title":{"rendered":"Binoche et Giquello"},"content":{"rendered":"<p>DESSINS ET TABLEAUX ANCIENS &#8211; MINIATURES &#8211; ARTS D\u2019ASIE &#8211; SCULPTURES &#8211; BEL AMEUBLEMENT<br \/>\nMardi 14 D\u00e9cembre 2021 13:30<br \/>\nSalle 2 &#8211; H\u00f4tel Drouot , 9, rue Drouot 75009 Paris<\/p>\n<p>Henri MANGUIN (1874-1943)<br \/>\nLe Rh\u00f4ne \u00e0 Tournon, 1944<br \/>\nAquarelle, sign\u00e9e et situ\u00e9e en bas \u00e0 droite 28,5 x 44,8 cm<br \/>\nR\u00e9pertori\u00e9e dans les archives de Monsieur Jean-Pierre Manguin que nous remercions pour nous avoir pr\u00e9cis\u00e9 la datation.<br \/>\nUn certificat de Madame Lucile Manguin en date du 7 avril 1962 sera remis \u00e0 l&rsquo;acqu\u00e9reur.<br \/>\nProvenance<br \/>\nVente Blache, Versailles, 11juin 1969, lot 78<\/p>\n","protected":false},"excerpt":{"rendered":"<p>DESSINS ET TABLEAUX ANCIENS &#8211; MINIATURES &#8211; ARTS D\u2019ASIE &#8211; SCULPTURES &#8211; BEL AMEUBLEMENT Mardi 14 D\u00e9cembre 2021 13:30 Salle 2 &#8211; H\u00f4tel Drouot , 9, rue Drouot 75009 Paris &hellip; <\/p>\n<p class=\"link-more\"><a href=\"https:\/\/www.cabinetmarechaux.com\/index.php\/event\/binoche-et-giquello-4\/\" class=\"more-link\">Lire la suite de<span class=\"screen-reader-text\">\u00ab\u00a0Binoche et Giquello\u00a0\u00bb<\/span><\/a><\/p>\n","protected":false},"author":1,"featured_media":2423,"template":"","meta":{"_monsterinsights_skip_tracking":false,"_monsterinsights_sitenote_active":false,"_monsterinsights_sitenote_note":"","_monsterinsights_sitenote_category":0,"ngg_post_thumbnail":0,"_tribe_events_status":"","_tribe_events_status_reason":"","footnotes":""},"tags":[],"tribe_events_cat":[10],"class_list":["post-2420","tribe_events","type-tribe_events","status-publish","has-post-thumbnail","hentry","tribe_events_cat-ventes","cat_ventes"],"yoast_head":"<!-- This site is optimized with the Yoast SEO plugin v20.10 - https:\/\/yoast.com\/wordpress\/plugins\/seo\/ -->\n<title>Binoche et Giquello - Cabinet Mar\u00e9chaux<\/title>\n<meta name=\"robots\" content=\"index, follow, max-snippet:-1, max-image-preview:large, max-video-preview:-1\" \/>\n<link rel=\"canonical\" href=\"https:\/\/www.cabinetmarechaux.com\/index.php\/event\/binoche-et-giquello-4\/\" \/>\n<meta property=\"og:locale\" content=\"fr_FR\" \/>\n<meta property=\"og:type\" content=\"article\" \/>\n<meta property=\"og:title\" content=\"Binoche et Giquello - Cabinet Mar\u00e9chaux\" \/>\n<meta property=\"og:description\" content=\"DESSINS ET TABLEAUX ANCIENS &#8211; MINIATURES &#8211; ARTS D\u2019ASIE &#8211; SCULPTURES &#8211; BEL AMEUBLEMENT Mardi 14 D\u00e9cembre 2021 13:30 Salle 2 &#8211; H\u00f4tel Drouot , 9, rue Drouot 75009 Paris &hellip; Lire la suite de\u00ab\u00a0Binoche et Giquello\u00a0\u00bb\" \/>\n<meta property=\"og:url\" content=\"https:\/\/www.cabinetmarechaux.com\/index.php\/event\/binoche-et-giquello-4\/\" \/>\n<meta property=\"og:site_name\" content=\"Cabinet Mar\u00e9chaux\" \/>\n<meta property=\"article:publisher\" content=\"https:\/\/www.facebook.com\/elisabethmarechaux\/?locale=fr_FR\" \/>\n<meta property=\"article:modified_time\" content=\"2021-12-08T11:25:26+00:00\" \/>\n<meta property=\"og:image\" content=\"https:\/\/www.cabinetmarechaux.com\/wp-content\/uploads\/2021\/12\/Capture-decran-2021-12-08-a-12.23.35.png\" \/>\n\t<meta property=\"og:image:width\" content=\"1050\" \/>\n\t<meta property=\"og:image:height\" content=\"674\" \/>\n\t<meta property=\"og:image:type\" content=\"image\/png\" \/>\n<meta name=\"twitter:card\" content=\"summary_large_image\" \/>\n<script type=\"application\/ld+json\" class=\"yoast-schema-graph\">{\"@context\":\"https:\/\/schema.org\",\"@graph\":[{\"@type\":\"WebPage\",\"@id\":\"https:\/\/www.cabinetmarechaux.com\/index.php\/event\/binoche-et-giquello-4\/\",\"url\":\"https:\/\/www.cabinetmarechaux.com\/index.php\/event\/binoche-et-giquello-4\/\",\"name\":\"Binoche et Giquello - Cabinet Mar\u00e9chaux\",\"isPartOf\":{\"@id\":\"https:\/\/www.cabinetmarechaux.com\/#website\"},\"datePublished\":\"2021-12-08T11:22:30+00:00\",\"dateModified\":\"2021-12-08T11:25:26+00:00\",\"breadcrumb\":{\"@id\":\"https:\/\/www.cabinetmarechaux.com\/index.php\/event\/binoche-et-giquello-4\/#breadcrumb\"},\"inLanguage\":\"fr-FR\",\"potentialAction\":[{\"@type\":\"ReadAction\",\"target\":[\"https:\/\/www.cabinetmarechaux.com\/index.php\/event\/binoche-et-giquello-4\/\"]}]},{\"@type\":\"BreadcrumbList\",\"@id\":\"https:\/\/www.cabinetmarechaux.com\/index.php\/event\/binoche-et-giquello-4\/#breadcrumb\",\"itemListElement\":[{\"@type\":\"ListItem\",\"position\":1,\"name\":\"Accueil\",\"item\":\"https:\/\/www.cabinetmarechaux.com\/\"},{\"@type\":\"ListItem\",\"position\":2,\"name\":\"\u00c9v\u00e8nements\",\"item\":\"https:\/\/www.cabinetmarechaux.com\/index.php\/events\/\"},{\"@type\":\"ListItem\",\"position\":3,\"name\":\"Binoche et Giquello\"}]},{\"@type\":\"WebSite\",\"@id\":\"https:\/\/www.cabinetmarechaux.com\/#website\",\"url\":\"https:\/\/www.cabinetmarechaux.com\/\",\"name\":\"Cabinet Mar\u00e9chaux\",\"description\":\"Expertise : tableaux, dessins, sculptures des XIXe et XXe si\u00e8cles\",\"publisher\":{\"@id\":\"https:\/\/www.cabinetmarechaux.com\/#organization\"},\"potentialAction\":[{\"@type\":\"SearchAction\",\"target\":{\"@type\":\"EntryPoint\",\"urlTemplate\":\"https:\/\/www.cabinetmarechaux.com\/?s={search_term_string}\"},\"query-input\":\"required name=search_term_string\"}],\"inLanguage\":\"fr-FR\"},{\"@type\":\"Organization\",\"@id\":\"https:\/\/www.cabinetmarechaux.com\/#organization\",\"name\":\"Cabinet Mar\u00e9chaux\",\"url\":\"https:\/\/www.cabinetmarechaux.com\/\",\"logo\":{\"@type\":\"ImageObject\",\"inLanguage\":\"fr-FR\",\"@id\":\"https:\/\/www.cabinetmarechaux.com\/#\/schema\/logo\/image\/\",\"url\":\"https:\/\/www.cabinetmarechaux.com\/wp-content\/uploads\/2023\/06\/cabinet-marechaux.jpg\",\"contentUrl\":\"https:\/\/www.cabinetmarechaux.com\/wp-content\/uploads\/2023\/06\/cabinet-marechaux.jpg\",\"width\":180,\"height\":180,\"caption\":\"Cabinet Mar\u00e9chaux\"},\"image\":{\"@id\":\"https:\/\/www.cabinetmarechaux.com\/#\/schema\/logo\/image\/\"},\"sameAs\":[\"https:\/\/www.facebook.com\/elisabethmarechaux\/?locale=fr_FR\",\"https:\/\/www.instagram.com\/cabinetmarechaux\/\"]}]}<\/script>\n<!-- \/ Yoast SEO plugin. -->","yoast_head_json":{"title":"Binoche et Giquello - Cabinet Mar\u00e9chaux","robots":{"index":"index","follow":"follow","max-snippet":"max-snippet:-1","max-image-preview":"max-image-preview:large","max-video-preview":"max-video-preview:-1"},"canonical":"https:\/\/www.cabinetmarechaux.com\/index.php\/event\/binoche-et-giquello-4\/","og_locale":"fr_FR","og_type":"article","og_title":"Binoche et Giquello - Cabinet Mar\u00e9chaux","og_description":"DESSINS ET TABLEAUX ANCIENS &#8211; MINIATURES &#8211; ARTS D\u2019ASIE &#8211; SCULPTURES &#8211; BEL AMEUBLEMENT Mardi 14 D\u00e9cembre 2021 13:30 Salle 2 &#8211; H\u00f4tel Drouot , 9, rue Drouot 75009 Paris &hellip; Lire la suite de\u00ab\u00a0Binoche et Giquello\u00a0\u00bb","og_url":"https:\/\/www.cabinetmarechaux.com\/index.php\/event\/binoche-et-giquello-4\/","og_site_name":"Cabinet Mar\u00e9chaux","article_publisher":"https:\/\/www.facebook.com\/elisabethmarechaux\/?locale=fr_FR","article_modified_time":"2021-12-08T11:25:26+00:00","og_image":[{"width":1050,"height":674,"url":"https:\/\/www.cabinetmarechaux.com\/wp-content\/uploads\/2021\/12\/Capture-decran-2021-12-08-a-12.23.35.png","type":"image\/png"}],"twitter_card":"summary_large_image","schema":{"@context":"https:\/\/schema.org","@graph":[{"@type":"WebPage","@id":"https:\/\/www.cabinetmarechaux.com\/index.php\/event\/binoche-et-giquello-4\/","url":"https:\/\/www.cabinetmarechaux.com\/index.php\/event\/binoche-et-giquello-4\/","name":"Binoche et Giquello - Cabinet Mar\u00e9chaux","isPartOf":{"@id":"https:\/\/www.cabinetmarechaux.com\/#website"},"datePublished":"2021-12-08T11:22:30+00:00","dateModified":"2021-12-08T11:25:26+00:00","breadcrumb":{"@id":"https:\/\/www.cabinetmarechaux.com\/index.php\/event\/binoche-et-giquello-4\/#breadcrumb"},"inLanguage":"fr-FR","potentialAction":[{"@type":"ReadAction","target":["https:\/\/www.cabinetmarechaux.com\/index.php\/event\/binoche-et-giquello-4\/"]}]},{"@type":"BreadcrumbList","@id":"https:\/\/www.cabinetmarechaux.com\/index.php\/event\/binoche-et-giquello-4\/#breadcrumb","itemListElement":[{"@type":"ListItem","position":1,"name":"Accueil","item":"https:\/\/www.cabinetmarechaux.com\/"},{"@type":"ListItem","position":2,"name":"\u00c9v\u00e8nements","item":"https:\/\/www.cabinetmarechaux.com\/index.php\/events\/"},{"@type":"ListItem","position":3,"name":"Binoche et Giquello"}]},{"@type":"WebSite","@id":"https:\/\/www.cabinetmarechaux.com\/#website","url":"https:\/\/www.cabinetmarechaux.com\/","name":"Cabinet Mar\u00e9chaux","description":"Expertise : tableaux, dessins, sculptures des XIXe et XXe si\u00e8cles","publisher":{"@id":"https:\/\/www.cabinetmarechaux.com\/#organization"},"potentialAction":[{"@type":"SearchAction","target":{"@type":"EntryPoint","urlTemplate":"https:\/\/www.cabinetmarechaux.com\/?s={search_term_string}"},"query-input":"required name=search_term_string"}],"inLanguage":"fr-FR"},{"@type":"Organization","@id":"https:\/\/www.cabinetmarechaux.com\/#organization","name":"Cabinet Mar\u00e9chaux","url":"https:\/\/www.cabinetmarechaux.com\/","logo":{"@type":"ImageObject","inLanguage":"fr-FR","@id":"https:\/\/www.cabinetmarechaux.com\/#\/schema\/logo\/image\/","url":"https:\/\/www.cabinetmarechaux.com\/wp-content\/uploads\/2023\/06\/cabinet-marechaux.jpg","contentUrl":"https:\/\/www.cabinetmarechaux.com\/wp-content\/uploads\/2023\/06\/cabinet-marechaux.jpg","width":180,"height":180,"caption":"Cabinet Mar\u00e9chaux"},"image":{"@id":"https:\/\/www.cabinetmarechaux.com\/#\/schema\/logo\/image\/"},"sameAs":["https:\/\/www.facebook.com\/elisabethmarechaux\/?locale=fr_FR","https:\/\/www.instagram.com\/cabinetmarechaux\/"]}]}},"_links":{"self":[{"href":"https:\/\/www.cabinetmarechaux.com\/index.php\/wp-json\/wp\/v2\/tribe_events\/2420","targetHints":{"allow":["GET"]}}],"collection":[{"href":"https:\/\/www.cabinetmarechaux.com\/index.php\/wp-json\/wp\/v2\/tribe_events"}],"about":[{"href":"https:\/\/www.cabinetmarechaux.com\/index.php\/wp-json\/wp\/v2\/types\/tribe_events"}],"author":[{"embeddable":true,"href":"https:\/\/www.cabinetmarechaux.com\/index.php\/wp-json\/wp\/v2\/users\/1"}],"version-history":[{"count":1,"href":"https:\/\/www.cabinetmarechaux.com\/index.php\/wp-json\/wp\/v2\/tribe_events\/2420\/revisions"}],"predecessor-version":[{"id":2422,"href":"https:\/\/www.cabinetmarechaux.com\/index.php\/wp-json\/wp\/v2\/tribe_events\/2420\/revisions\/2422"}],"wp:featuredmedia":[{"embeddable":true,"href":"https:\/\/www.cabinetmarechaux.com\/index.php\/wp-json\/wp\/v2\/media\/2423"}],"wp:attachment":[{"href":"https:\/\/www.cabinetmarechaux.com\/index.php\/wp-json\/wp\/v2\/media?parent=2420"}],"wp:term":[{"taxonomy":"post_tag","embeddable":true,"href":"https:\/\/www.cabinetmarechaux.com\/index.php\/wp-json\/wp\/v2\/tags?post=2420"},{"taxonomy":"tribe_events_cat","embeddable":true,"href":"https:\/\/www.cabinetmarechaux.com\/index.php\/wp-json\/wp\/v2\/tribe_events_cat?post=2420"}],"curies":[{"name":"wp","href":"https:\/\/api.w.org\/{rel}","templated":true}]}}

<p>DESSINS ET TABLEAUX ANCIENS &#8211; MINIATURES &#8211; ARTS D’ASIE &#8211; SCULPTURES &#8211; BEL AMEUBLEMENT<br />
Mardi 14 Décembre 2021 13:30<br />
Salle 2 &#8211; Hôtel Drouot , 9, rue Drouot 75009 Paris</p>
<p>Henri MANGUIN (1874-1943)<br />
Le Rhône à Tournon, 1944<br />
Aquarelle, signée et située en bas à droite 28,5 x 44,8 cm<br />
Répertoriée dans les archives de Monsieur Jean-Pierre Manguin que nous remercions pour nous avoir précisé la datation.<br />
Un certificat de Madame Lucile Manguin en date du 7 avril 1962 sera remis à l&rsquo;acquéreur.<br />
Provenance<br />
Vente Blache, Versailles, 11juin 1969, lot 78</p>

<p>DESSINS ET TABLEAUX ANCIENS &#8211; MINIATURES &#8211; ARTS D’ASIE &#8211; SCULPTURES &#8211; BEL AMEUBLEMENT Mardi 14 Décembre 2021 13:30 Salle 2 &#8211; Hôtel Drouot , 9, rue Drouot 75009 Paris &hellip; </p>
<p class="link-more"><a href="https://www.cabinetmarechaux.com/index.php/event/binoche-et-giquello-4/" class="more-link">Lire la suite de<span class="screen-reader-text">« Binoche et Giquello »</span></a></p>

<!-- This site is optimized with the Yoast SEO plugin v20.10 - https://yoast.com/wordpress/plugins/seo/ -->
<title>Binoche et Giquello - Cabinet Maréchaux</title>
<meta name="robots" content="index, follow, max-snippet:-1, max-image-preview:large, max-video-preview:-1" />
<link rel="canonical" href="https://www.cabinetmarechaux.com/index.php/event/binoche-et-giquello-4/" />
<meta property="og:locale" content="fr_FR" />
<meta property="og:type" content="article" />
<meta property="og:title" content="Binoche et Giquello - Cabinet Maréchaux" />
<meta property="og:description" content="DESSINS ET TABLEAUX ANCIENS &#8211; MINIATURES &#8211; ARTS D’ASIE &#8211; SCULPTURES &#8211; BEL AMEUBLEMENT Mardi 14 Décembre 2021 13:30 Salle 2 &#8211; Hôtel Drouot , 9, rue Drouot 75009 Paris &hellip; Lire la suite de« Binoche et Giquello »" />
<meta property="og:url" content="https://www.cabinetmarechaux.com/index.php/event/binoche-et-giquello-4/" />
<meta property="og:site_name" content="Cabinet Maréchaux" />
<meta property="article:publisher" content="https://www.facebook.com/elisabethmarechaux/?locale=fr_FR" />
<meta property="article:modified_time" content="2021-12-08T11:25:26+00:00" />
<meta property="og:image" content="https://www.cabinetmarechaux.com/wp-content/uploads/2021/12/Capture-decran-2021-12-08-a-12.23.35.png" />
	<meta property="og:image:width" content="1050" />
	<meta property="og:image:height" content="674" />
	<meta property="og:image:type" content="image/png" />
<meta name="twitter:card" content="summary_large_image" />
<script type="application/ld+json" class="yoast-schema-graph">{"@context":"https://schema.org","@graph":[{"@type":"WebPage","@id":"https://www.cabinetmarechaux.com/index.php/event/binoche-et-giquello-4/","url":"https://www.cabinetmarechaux.com/index.php/event/binoche-et-giquello-4/","name":"Binoche et Giquello - Cabinet Maréchaux","isPartOf":{"@id":"https://www.cabinetmarechaux.com/#website"},"datePublished":"2021-12-08T11:22:30+00:00","dateModified":"2021-12-08T11:25:26+00:00","breadcrumb":{"@id":"https://www.cabinetmarechaux.com/index.php/event/binoche-et-giquello-4/#breadcrumb"},"inLanguage":"fr-FR","potentialAction":[{"@type":"ReadAction","target":["https://www.cabinetmarechaux.com/index.php/event/binoche-et-giquello-4/"]}]},{"@type":"BreadcrumbList","@id":"https://www.cabinetmarechaux.com/index.php/event/binoche-et-giquello-4/#breadcrumb","itemListElement":[{"@type":"ListItem","position":1,"name":"Accueil","item":"https://www.cabinetmarechaux.com/"},{"@type":"ListItem","position":2,"name":"Évènements","item":"https://www.cabinetmarechaux.com/index.php/events/"},{"@type":"ListItem","position":3,"name":"Binoche et Giquello"}]},{"@type":"WebSite","@id":"https://www.cabinetmarechaux.com/#website","url":"https://www.cabinetmarechaux.com/","name":"Cabinet Maréchaux","description":"Expertise : tableaux, dessins, sculptures des XIXe et XXe siècles","publisher":{"@id":"https://www.cabinetmarechaux.com/#organization"},"potentialAction":[{"@type":"SearchAction","target":{"@type":"EntryPoint","urlTemplate":"https://www.cabinetmarechaux.com/?s={search_term_string}"},"query-input":"required name=search_term_string"}],"inLanguage":"fr-FR"},{"@type":"Organization","@id":"https://www.cabinetmarechaux.com/#organization","name":"Cabinet Maréchaux","url":"https://www.cabinetmarechaux.com/","logo":{"@type":"ImageObject","inLanguage":"fr-FR","@id":"https://www.cabinetmarechaux.com/#/schema/logo/image/","url":"https://www.cabinetmarechaux.com/wp-content/uploads/2023/06/cabinet-marechaux.jpg","contentUrl":"https://www.cabinetmarechaux.com/wp-content/uploads/2023/06/cabinet-marechaux.jpg","width":180,"height":180,"caption":"Cabinet Maréchaux"},"image":{"@id":"https://www.cabinetmarechaux.com/#/schema/logo/image/"},"sameAs":["https://www.facebook.com/elisabethmarechaux/?locale=fr_FR","https://www.instagram.com/cabinetmarechaux/"]}]}</script>
<!-- / Yoast SEO plugin. -->

Binoche et Giquello - Cabinet Maréchaux

DESSINS ET TABLEAUX ANCIENS &#8211; MINIATURES &#8211; ARTS D’ASIE &#8211; SCULPTURES &#8211; BEL AMEUBLEMENT Mardi 14 Décembre 2021 13:30 Salle 2 &#8211; Hôtel Drouot , 9, rue Drouot 75009 Paris &hellip; Lire la suite de« Binoche et Giquello »

Cabinet Maréchaux

Évènements

Expertise : tableaux, dessins, sculptures des XIXe et XXe siècles
