{"id":2649,"date":"2022-09-15T11:36:12","date_gmt":"2022-09-15T09:36:12","guid":{"rendered":"http:\/\/www.cabinetmarechaux.com\/?post_type=tribe_events&#038;p=2649"},"modified":"2022-11-08T10:42:28","modified_gmt":"2022-11-08T09:42:28","slug":"pau-2","status":"publish","type":"tribe_events","link":"https:\/\/www.cabinetmarechaux.com\/index.php\/event\/pau-2\/","title":{"rendered":"Pau"},"content":{"rendered":"<p>EXPOSITIONS \u00c0 PARIS<\/p>\n<p>Les 7, 8 et 9 novembre 2022 de 11h \u00e0 13h et de 14h \u00e0 18h Galerie Laurentin, 23 Quai Voltaire, 75007<\/p>\n<p>Visites priv\u00e9es avant le 7 novembre sur rendez-vous, uniquement aupr\u00e8s du Cabinet Mar\u00e9chaux<\/p>\n<p>EXPOSITIONS \u00c0 PAU<\/p>\n<p>Vendredi 18 novembre de 14h \u00e0 19h Samedi 19 novembre de 10h \u00e0 12h<\/p>\n<p>&nbsp;<\/p>\n<p>&nbsp;<\/p>\n<p>&nbsp;<\/p>\n<p>Louis ANQUETIN.\u00a01861-1932<\/p>\n<p>L\u2019\u00c9lys\u00e9e Montmartre, circa 1886<\/p>\n<p>Peinture sur toile et panneaux<\/p>\n<p>100 x 100<span class=\"Apple-converted-space\">\u00a0 <\/span>cm<\/p>\n<p>Ce tableau apparait sur une photographie de l\u2019atelier de Anquetin, rue de Rome, en 1891-92 appartenant \u00e0 Olga Bogomila Welsh-Ovcharova.<span class=\"Apple-converted-space\">\u00a0 <\/span>Photographie reproduite dans <i>Anquetin la passion d\u2019\u00eatre peintre<\/i>, Galerie Brame &amp; Lorenceau,<span class=\"Apple-converted-space\">\u00a0 <\/span>doc 4, p.14<\/p>\n<p>Provenance : Docteur Alfred Jacquemin, Laressore<\/p>\n<p>Bibliographie :<span class=\"Apple-converted-space\">\u00a0<\/span><\/p>\n<p><span class=\"Apple-converted-space\">\u00a0<\/span>-Fr\u00e9d\u00e9ric Destremeau , <i>Louis Anquetin et Henri de Tpulouse-Lautrec, Amiti\u00e9 rencontre et r\u00e9sonnance, chapitre VIII les lieux de divertissement, <\/i>Paris 1994, p. 246-247.<\/p>\n<p>&#8211; Fr\u00e9d\u00e9ric Destremeau, <i>Louis Anquetin et Vincent Van Gogh \u00e0 l\u2019atelier Cormon, <\/i>Bulletin de la Soci\u00e9t\u00e9 de l\u2019Histoire de l\u2019Art francais, Paris 2008, p. 272-2783, n\u00b0 12b, reproduit.<\/p>\n<p>Cette oeuvre est incluse dans les archives Anquetin de la Galerie Brame &amp; Lorenceau. Un courrier de Madame Sylvie Brame du 9 juin 2022 sera remis \u00e0 l\u2019acqu\u00e9reur.<\/p>\n<p>&nbsp;<\/p>\n<p><span style=\"text-decoration: underline;\">Dossier de presse :<\/span><\/p>\n<p><a href=\"https:\/\/www.artcento.com\/wp-content\/uploads\/2022\/09\/DOSSIER-DE-PRESSE-ANQUETIN-FINAL-2.pdf\">https:\/\/www.artcento.com\/wp-content\/uploads\/2022\/09\/DOSSIER-DE-PRESSE-ANQUETIN-FINAL-2.pdf<\/a><\/p>\n<p><span style=\"text-decoration: underline;\">Catalogue de la vente :\u00a0<\/span><\/p>\n<p><a href=\"https:\/\/www.interencheres.com\/meubles-objets-art\/louis-anquetin-lelysee-montmartre-314775\">https:\/\/www.interencheres.com\/meubles-objets-art\/louis-anquetin-lelysee-montmartre-314775<\/a><\/p>\n","protected":false},"excerpt":{"rendered":"<p>EXPOSITIONS \u00c0 PARIS Les 7, 8 et 9 novembre 2022 de 11h \u00e0 13h et de 14h \u00e0 18h Galerie Laurentin, 23 Quai Voltaire, 75007 Visites priv\u00e9es avant le 7 &hellip; <\/p>\n<p class=\"link-more\"><a href=\"https:\/\/www.cabinetmarechaux.com\/index.php\/event\/pau-2\/\" class=\"more-link\">Lire la suite de<span class=\"screen-reader-text\">\u00ab\u00a0Pau\u00a0\u00bb<\/span><\/a><\/p>\n","protected":false},"author":1,"featured_media":2650,"template":"","meta":{"_monsterinsights_skip_tracking":false,"_monsterinsights_sitenote_active":false,"_monsterinsights_sitenote_note":"","_monsterinsights_sitenote_category":0,"ngg_post_thumbnail":0,"_tribe_events_status":"","_tribe_events_status_reason":"","footnotes":""},"tags":[],"tribe_events_cat":[10],"class_list":["post-2649","tribe_events","type-tribe_events","status-publish","has-post-thumbnail","hentry","tribe_events_cat-ventes","cat_ventes"],"yoast_head":"<!-- This site is optimized with the Yoast SEO plugin v20.10 - https:\/\/yoast.com\/wordpress\/plugins\/seo\/ -->\n<title>Pau - Cabinet Mar\u00e9chaux<\/title>\n<meta name=\"robots\" content=\"index, follow, max-snippet:-1, max-image-preview:large, max-video-preview:-1\" \/>\n<link rel=\"canonical\" href=\"https:\/\/www.cabinetmarechaux.com\/index.php\/event\/pau-2\/\" \/>\n<meta property=\"og:locale\" content=\"fr_FR\" \/>\n<meta property=\"og:type\" content=\"article\" \/>\n<meta property=\"og:title\" content=\"Pau - Cabinet Mar\u00e9chaux\" \/>\n<meta property=\"og:description\" content=\"EXPOSITIONS \u00c0 PARIS Les 7, 8 et 9 novembre 2022 de 11h \u00e0 13h et de 14h \u00e0 18h Galerie Laurentin, 23 Quai Voltaire, 75007 Visites priv\u00e9es avant le 7 &hellip; Lire la suite de\u00ab\u00a0Pau\u00a0\u00bb\" \/>\n<meta property=\"og:url\" content=\"https:\/\/www.cabinetmarechaux.com\/index.php\/event\/pau-2\/\" \/>\n<meta property=\"og:site_name\" content=\"Cabinet Mar\u00e9chaux\" \/>\n<meta property=\"article:publisher\" content=\"https:\/\/www.facebook.com\/elisabethmarechaux\/?locale=fr_FR\" \/>\n<meta property=\"article:modified_time\" content=\"2022-11-08T09:42:28+00:00\" \/>\n<meta property=\"og:image\" content=\"https:\/\/www.cabinetmarechaux.com\/wp-content\/uploads\/2022\/09\/0CC16AC0-F50C-4731-BADD-074987719DB4.jpg\" \/>\n\t<meta property=\"og:image:width\" content=\"750\" \/>\n\t<meta property=\"og:image:height\" content=\"750\" \/>\n\t<meta property=\"og:image:type\" content=\"image\/jpeg\" \/>\n<meta name=\"twitter:card\" content=\"summary_large_image\" \/>\n<meta name=\"twitter:label1\" content=\"Dur\u00e9e de lecture estim\u00e9e\" \/>\n\t<meta name=\"twitter:data1\" content=\"1 minute\" \/>\n<script type=\"application\/ld+json\" class=\"yoast-schema-graph\">{\"@context\":\"https:\/\/schema.org\",\"@graph\":[{\"@type\":\"WebPage\",\"@id\":\"https:\/\/www.cabinetmarechaux.com\/index.php\/event\/pau-2\/\",\"url\":\"https:\/\/www.cabinetmarechaux.com\/index.php\/event\/pau-2\/\",\"name\":\"Pau - Cabinet Mar\u00e9chaux\",\"isPartOf\":{\"@id\":\"https:\/\/www.cabinetmarechaux.com\/#website\"},\"datePublished\":\"2022-09-15T09:36:12+00:00\",\"dateModified\":\"2022-11-08T09:42:28+00:00\",\"breadcrumb\":{\"@id\":\"https:\/\/www.cabinetmarechaux.com\/index.php\/event\/pau-2\/#breadcrumb\"},\"inLanguage\":\"fr-FR\",\"potentialAction\":[{\"@type\":\"ReadAction\",\"target\":[\"https:\/\/www.cabinetmarechaux.com\/index.php\/event\/pau-2\/\"]}]},{\"@type\":\"BreadcrumbList\",\"@id\":\"https:\/\/www.cabinetmarechaux.com\/index.php\/event\/pau-2\/#breadcrumb\",\"itemListElement\":[{\"@type\":\"ListItem\",\"position\":1,\"name\":\"Accueil\",\"item\":\"https:\/\/www.cabinetmarechaux.com\/\"},{\"@type\":\"ListItem\",\"position\":2,\"name\":\"\u00c9v\u00e8nements\",\"item\":\"https:\/\/www.cabinetmarechaux.com\/index.php\/events\/\"},{\"@type\":\"ListItem\",\"position\":3,\"name\":\"Pau\"}]},{\"@type\":\"WebSite\",\"@id\":\"https:\/\/www.cabinetmarechaux.com\/#website\",\"url\":\"https:\/\/www.cabinetmarechaux.com\/\",\"name\":\"Cabinet Mar\u00e9chaux\",\"description\":\"Expertise : tableaux, dessins, sculptures des XIXe et XXe si\u00e8cles\",\"publisher\":{\"@id\":\"https:\/\/www.cabinetmarechaux.com\/#organization\"},\"potentialAction\":[{\"@type\":\"SearchAction\",\"target\":{\"@type\":\"EntryPoint\",\"urlTemplate\":\"https:\/\/www.cabinetmarechaux.com\/?s={search_term_string}\"},\"query-input\":\"required name=search_term_string\"}],\"inLanguage\":\"fr-FR\"},{\"@type\":\"Organization\",\"@id\":\"https:\/\/www.cabinetmarechaux.com\/#organization\",\"name\":\"Cabinet Mar\u00e9chaux\",\"url\":\"https:\/\/www.cabinetmarechaux.com\/\",\"logo\":{\"@type\":\"ImageObject\",\"inLanguage\":\"fr-FR\",\"@id\":\"https:\/\/www.cabinetmarechaux.com\/#\/schema\/logo\/image\/\",\"url\":\"https:\/\/www.cabinetmarechaux.com\/wp-content\/uploads\/2023\/06\/cabinet-marechaux.jpg\",\"contentUrl\":\"https:\/\/www.cabinetmarechaux.com\/wp-content\/uploads\/2023\/06\/cabinet-marechaux.jpg\",\"width\":180,\"height\":180,\"caption\":\"Cabinet Mar\u00e9chaux\"},\"image\":{\"@id\":\"https:\/\/www.cabinetmarechaux.com\/#\/schema\/logo\/image\/\"},\"sameAs\":[\"https:\/\/www.facebook.com\/elisabethmarechaux\/?locale=fr_FR\",\"https:\/\/www.instagram.com\/cabinetmarechaux\/\"]}]}<\/script>\n<!-- \/ Yoast SEO plugin. -->","yoast_head_json":{"title":"Pau - Cabinet Mar\u00e9chaux","robots":{"index":"index","follow":"follow","max-snippet":"max-snippet:-1","max-image-preview":"max-image-preview:large","max-video-preview":"max-video-preview:-1"},"canonical":"https:\/\/www.cabinetmarechaux.com\/index.php\/event\/pau-2\/","og_locale":"fr_FR","og_type":"article","og_title":"Pau - Cabinet Mar\u00e9chaux","og_description":"EXPOSITIONS \u00c0 PARIS Les 7, 8 et 9 novembre 2022 de 11h \u00e0 13h et de 14h \u00e0 18h Galerie Laurentin, 23 Quai Voltaire, 75007 Visites priv\u00e9es avant le 7 &hellip; Lire la suite de\u00ab\u00a0Pau\u00a0\u00bb","og_url":"https:\/\/www.cabinetmarechaux.com\/index.php\/event\/pau-2\/","og_site_name":"Cabinet Mar\u00e9chaux","article_publisher":"https:\/\/www.facebook.com\/elisabethmarechaux\/?locale=fr_FR","article_modified_time":"2022-11-08T09:42:28+00:00","og_image":[{"width":750,"height":750,"url":"https:\/\/www.cabinetmarechaux.com\/wp-content\/uploads\/2022\/09\/0CC16AC0-F50C-4731-BADD-074987719DB4.jpg","type":"image\/jpeg"}],"twitter_card":"summary_large_image","twitter_misc":{"Dur\u00e9e de lecture estim\u00e9e":"1 minute"},"schema":{"@context":"https:\/\/schema.org","@graph":[{"@type":"WebPage","@id":"https:\/\/www.cabinetmarechaux.com\/index.php\/event\/pau-2\/","url":"https:\/\/www.cabinetmarechaux.com\/index.php\/event\/pau-2\/","name":"Pau - Cabinet Mar\u00e9chaux","isPartOf":{"@id":"https:\/\/www.cabinetmarechaux.com\/#website"},"datePublished":"2022-09-15T09:36:12+00:00","dateModified":"2022-11-08T09:42:28+00:00","breadcrumb":{"@id":"https:\/\/www.cabinetmarechaux.com\/index.php\/event\/pau-2\/#breadcrumb"},"inLanguage":"fr-FR","potentialAction":[{"@type":"ReadAction","target":["https:\/\/www.cabinetmarechaux.com\/index.php\/event\/pau-2\/"]}]},{"@type":"BreadcrumbList","@id":"https:\/\/www.cabinetmarechaux.com\/index.php\/event\/pau-2\/#breadcrumb","itemListElement":[{"@type":"ListItem","position":1,"name":"Accueil","item":"https:\/\/www.cabinetmarechaux.com\/"},{"@type":"ListItem","position":2,"name":"\u00c9v\u00e8nements","item":"https:\/\/www.cabinetmarechaux.com\/index.php\/events\/"},{"@type":"ListItem","position":3,"name":"Pau"}]},{"@type":"WebSite","@id":"https:\/\/www.cabinetmarechaux.com\/#website","url":"https:\/\/www.cabinetmarechaux.com\/","name":"Cabinet Mar\u00e9chaux","description":"Expertise : tableaux, dessins, sculptures des XIXe et XXe si\u00e8cles","publisher":{"@id":"https:\/\/www.cabinetmarechaux.com\/#organization"},"potentialAction":[{"@type":"SearchAction","target":{"@type":"EntryPoint","urlTemplate":"https:\/\/www.cabinetmarechaux.com\/?s={search_term_string}"},"query-input":"required name=search_term_string"}],"inLanguage":"fr-FR"},{"@type":"Organization","@id":"https:\/\/www.cabinetmarechaux.com\/#organization","name":"Cabinet Mar\u00e9chaux","url":"https:\/\/www.cabinetmarechaux.com\/","logo":{"@type":"ImageObject","inLanguage":"fr-FR","@id":"https:\/\/www.cabinetmarechaux.com\/#\/schema\/logo\/image\/","url":"https:\/\/www.cabinetmarechaux.com\/wp-content\/uploads\/2023\/06\/cabinet-marechaux.jpg","contentUrl":"https:\/\/www.cabinetmarechaux.com\/wp-content\/uploads\/2023\/06\/cabinet-marechaux.jpg","width":180,"height":180,"caption":"Cabinet Mar\u00e9chaux"},"image":{"@id":"https:\/\/www.cabinetmarechaux.com\/#\/schema\/logo\/image\/"},"sameAs":["https:\/\/www.facebook.com\/elisabethmarechaux\/?locale=fr_FR","https:\/\/www.instagram.com\/cabinetmarechaux\/"]}]}},"_links":{"self":[{"href":"https:\/\/www.cabinetmarechaux.com\/index.php\/wp-json\/wp\/v2\/tribe_events\/2649","targetHints":{"allow":["GET"]}}],"collection":[{"href":"https:\/\/www.cabinetmarechaux.com\/index.php\/wp-json\/wp\/v2\/tribe_events"}],"about":[{"href":"https:\/\/www.cabinetmarechaux.com\/index.php\/wp-json\/wp\/v2\/types\/tribe_events"}],"author":[{"embeddable":true,"href":"https:\/\/www.cabinetmarechaux.com\/index.php\/wp-json\/wp\/v2\/users\/1"}],"version-history":[{"count":4,"href":"https:\/\/www.cabinetmarechaux.com\/index.php\/wp-json\/wp\/v2\/tribe_events\/2649\/revisions"}],"predecessor-version":[{"id":2706,"href":"https:\/\/www.cabinetmarechaux.com\/index.php\/wp-json\/wp\/v2\/tribe_events\/2649\/revisions\/2706"}],"wp:featuredmedia":[{"embeddable":true,"href":"https:\/\/www.cabinetmarechaux.com\/index.php\/wp-json\/wp\/v2\/media\/2650"}],"wp:attachment":[{"href":"https:\/\/www.cabinetmarechaux.com\/index.php\/wp-json\/wp\/v2\/media?parent=2649"}],"wp:term":[{"taxonomy":"post_tag","embeddable":true,"href":"https:\/\/www.cabinetmarechaux.com\/index.php\/wp-json\/wp\/v2\/tags?post=2649"},{"taxonomy":"tribe_events_cat","embeddable":true,"href":"https:\/\/www.cabinetmarechaux.com\/index.php\/wp-json\/wp\/v2\/tribe_events_cat?post=2649"}],"curies":[{"name":"wp","href":"https:\/\/api.w.org\/{rel}","templated":true}]}}

<p>EXPOSITIONS À PARIS</p>
<p>Les 7, 8 et 9 novembre 2022 de 11h à 13h et de 14h à 18h Galerie Laurentin, 23 Quai Voltaire, 75007</p>
<p>Visites privées avant le 7 novembre sur rendez-vous, uniquement auprès du Cabinet Maréchaux</p>
<p>EXPOSITIONS À PAU</p>
<p>Vendredi 18 novembre de 14h à 19h Samedi 19 novembre de 10h à 12h</p>
<p>&nbsp;</p>
<p>&nbsp;</p>
<p>&nbsp;</p>
<p>Louis ANQUETIN. 1861-1932</p>
<p>L’Élysée Montmartre, circa 1886</p>
<p>Peinture sur toile et panneaux</p>
<p>100 x 100<span class="Apple-converted-space">  </span>cm</p>
<p>Ce tableau apparait sur une photographie de l’atelier de Anquetin, rue de Rome, en 1891-92 appartenant à Olga Bogomila Welsh-Ovcharova.<span class="Apple-converted-space">  </span>Photographie reproduite dans <i>Anquetin la passion d’être peintre</i>, Galerie Brame &amp; Lorenceau,<span class="Apple-converted-space">  </span>doc 4, p.14</p>
<p>Provenance : Docteur Alfred Jacquemin, Laressore</p>
<p>Bibliographie :<span class="Apple-converted-space"> </span></p>
<p><span class="Apple-converted-space"> </span>-Frédéric Destremeau , <i>Louis Anquetin et Henri de Tpulouse-Lautrec, Amitié rencontre et résonnance, chapitre VIII les lieux de divertissement, </i>Paris 1994, p. 246-247.</p>
<p>&#8211; Frédéric Destremeau, <i>Louis Anquetin et Vincent Van Gogh à l’atelier Cormon, </i>Bulletin de la Société de l’Histoire de l’Art francais, Paris 2008, p. 272-2783, n° 12b, reproduit.</p>
<p>Cette oeuvre est incluse dans les archives Anquetin de la Galerie Brame &amp; Lorenceau. Un courrier de Madame Sylvie Brame du 9 juin 2022 sera remis à l’acquéreur.</p>
<p>&nbsp;</p>
<p><span style="text-decoration: underline;">Dossier de presse :</span></p>
<p><a href="https://www.artcento.com/wp-content/uploads/2022/09/DOSSIER-DE-PRESSE-ANQUETIN-FINAL-2.pdf">https://www.artcento.com/wp-content/uploads/2022/09/DOSSIER-DE-PRESSE-ANQUETIN-FINAL-2.pdf</a></p>
<p><span style="text-decoration: underline;">Catalogue de la vente : </span></p>
<p><a href="https://www.interencheres.com/meubles-objets-art/louis-anquetin-lelysee-montmartre-314775">https://www.interencheres.com/meubles-objets-art/louis-anquetin-lelysee-montmartre-314775</a></p>

<p>EXPOSITIONS À PARIS Les 7, 8 et 9 novembre 2022 de 11h à 13h et de 14h à 18h Galerie Laurentin, 23 Quai Voltaire, 75007 Visites privées avant le 7 &hellip; </p>
<p class="link-more"><a href="https://www.cabinetmarechaux.com/index.php/event/pau-2/" class="more-link">Lire la suite de<span class="screen-reader-text">« Pau »</span></a></p>

<!-- This site is optimized with the Yoast SEO plugin v20.10 - https://yoast.com/wordpress/plugins/seo/ -->
<title>Pau - Cabinet Maréchaux</title>
<meta name="robots" content="index, follow, max-snippet:-1, max-image-preview:large, max-video-preview:-1" />
<link rel="canonical" href="https://www.cabinetmarechaux.com/index.php/event/pau-2/" />
<meta property="og:locale" content="fr_FR" />
<meta property="og:type" content="article" />
<meta property="og:title" content="Pau - Cabinet Maréchaux" />
<meta property="og:description" content="EXPOSITIONS À PARIS Les 7, 8 et 9 novembre 2022 de 11h à 13h et de 14h à 18h Galerie Laurentin, 23 Quai Voltaire, 75007 Visites privées avant le 7 &hellip; Lire la suite de« Pau »" />
<meta property="og:url" content="https://www.cabinetmarechaux.com/index.php/event/pau-2/" />
<meta property="og:site_name" content="Cabinet Maréchaux" />
<meta property="article:publisher" content="https://www.facebook.com/elisabethmarechaux/?locale=fr_FR" />
<meta property="article:modified_time" content="2022-11-08T09:42:28+00:00" />
<meta property="og:image" content="https://www.cabinetmarechaux.com/wp-content/uploads/2022/09/0CC16AC0-F50C-4731-BADD-074987719DB4.jpg" />
	<meta property="og:image:width" content="750" />
	<meta property="og:image:height" content="750" />
	<meta property="og:image:type" content="image/jpeg" />
<meta name="twitter:card" content="summary_large_image" />
<meta name="twitter:label1" content="Durée de lecture estimée" />
	<meta name="twitter:data1" content="1 minute" />
<script type="application/ld+json" class="yoast-schema-graph">{"@context":"https://schema.org","@graph":[{"@type":"WebPage","@id":"https://www.cabinetmarechaux.com/index.php/event/pau-2/","url":"https://www.cabinetmarechaux.com/index.php/event/pau-2/","name":"Pau - Cabinet Maréchaux","isPartOf":{"@id":"https://www.cabinetmarechaux.com/#website"},"datePublished":"2022-09-15T09:36:12+00:00","dateModified":"2022-11-08T09:42:28+00:00","breadcrumb":{"@id":"https://www.cabinetmarechaux.com/index.php/event/pau-2/#breadcrumb"},"inLanguage":"fr-FR","potentialAction":[{"@type":"ReadAction","target":["https://www.cabinetmarechaux.com/index.php/event/pau-2/"]}]},{"@type":"BreadcrumbList","@id":"https://www.cabinetmarechaux.com/index.php/event/pau-2/#breadcrumb","itemListElement":[{"@type":"ListItem","position":1,"name":"Accueil","item":"https://www.cabinetmarechaux.com/"},{"@type":"ListItem","position":2,"name":"Évènements","item":"https://www.cabinetmarechaux.com/index.php/events/"},{"@type":"ListItem","position":3,"name":"Pau"}]},{"@type":"WebSite","@id":"https://www.cabinetmarechaux.com/#website","url":"https://www.cabinetmarechaux.com/","name":"Cabinet Maréchaux","description":"Expertise : tableaux, dessins, sculptures des XIXe et XXe siècles","publisher":{"@id":"https://www.cabinetmarechaux.com/#organization"},"potentialAction":[{"@type":"SearchAction","target":{"@type":"EntryPoint","urlTemplate":"https://www.cabinetmarechaux.com/?s={search_term_string}"},"query-input":"required name=search_term_string"}],"inLanguage":"fr-FR"},{"@type":"Organization","@id":"https://www.cabinetmarechaux.com/#organization","name":"Cabinet Maréchaux","url":"https://www.cabinetmarechaux.com/","logo":{"@type":"ImageObject","inLanguage":"fr-FR","@id":"https://www.cabinetmarechaux.com/#/schema/logo/image/","url":"https://www.cabinetmarechaux.com/wp-content/uploads/2023/06/cabinet-marechaux.jpg","contentUrl":"https://www.cabinetmarechaux.com/wp-content/uploads/2023/06/cabinet-marechaux.jpg","width":180,"height":180,"caption":"Cabinet Maréchaux"},"image":{"@id":"https://www.cabinetmarechaux.com/#/schema/logo/image/"},"sameAs":["https://www.facebook.com/elisabethmarechaux/?locale=fr_FR","https://www.instagram.com/cabinetmarechaux/"]}]}</script>
<!-- / Yoast SEO plugin. -->

Pau - Cabinet Maréchaux

EXPOSITIONS À PARIS Les 7, 8 et 9 novembre 2022 de 11h à 13h et de 14h à 18h Galerie Laurentin, 23 Quai Voltaire, 75007 Visites privées avant le 7 &hellip; Lire la suite de« Pau »

Cabinet Maréchaux

Évènements

Expertise : tableaux, dessins, sculptures des XIXe et XXe siècles
