{"id":3476,"date":"2023-11-10T10:35:33","date_gmt":"2023-11-10T09:35:33","guid":{"rendered":"https:\/\/www.cabinetmarechaux.com\/?post_type=tribe_events&#038;p=3476"},"modified":"2023-11-10T10:35:33","modified_gmt":"2023-11-10T09:35:33","slug":"clermont-ferrand-vassy-jalenques-courtadon-journees-dexpertise","status":"publish","type":"tribe_events","link":"https:\/\/www.cabinetmarechaux.com\/index.php\/event\/clermont-ferrand-vassy-jalenques-courtadon-journees-dexpertise\/","title":{"rendered":"Clermont-Ferrand &#8211; Vassy &#8211; Jalenques &#8211; Courtadon &#8211; Journ\u00e9es d&rsquo;expertise"},"content":{"rendered":"<p>Les 19 et 20 janvier prochain, la maison de ventes du groupe Ivoire organise des journ\u00e9es d&rsquo;expertise gratuites<\/p>\n<p><a href=\"https:\/\/www.interencheres.com\/commissaire-priseur\/vassy-et-courtadon-selarl-et-hotel-des-ventes-de-clermont-ferrand-sarl-72\/\">Lien vers l&rsquo;\u00e9tude<\/a><\/p>\n","protected":false},"excerpt":{"rendered":"<p>Les 19 et 20 janvier prochain, la maison de ventes du groupe Ivoire organise des journ\u00e9es d&rsquo;expertise gratuites Lien vers l&rsquo;\u00e9tude<\/p>\n","protected":false},"author":1,"featured_media":0,"template":"","meta":{"_monsterinsights_skip_tracking":false,"_monsterinsights_sitenote_active":false,"_monsterinsights_sitenote_note":"","_monsterinsights_sitenote_category":0,"ngg_post_thumbnail":0,"_tribe_events_status":"","_tribe_events_status_reason":"","footnotes":""},"tags":[],"tribe_events_cat":[],"class_list":["post-3476","tribe_events","type-tribe_events","status-publish","hentry"],"yoast_head":"<!-- This site is optimized with the Yoast SEO plugin v20.10 - https:\/\/yoast.com\/wordpress\/plugins\/seo\/ -->\n<title>Clermont-Ferrand - Vassy - Jalenques - Courtadon - Journ\u00e9es d&#039;expertise - Cabinet Mar\u00e9chaux<\/title>\n<meta name=\"robots\" content=\"index, follow, max-snippet:-1, max-image-preview:large, max-video-preview:-1\" \/>\n<link rel=\"canonical\" href=\"https:\/\/www.cabinetmarechaux.com\/index.php\/event\/clermont-ferrand-vassy-jalenques-courtadon-journees-dexpertise\/\" \/>\n<meta property=\"og:locale\" content=\"fr_FR\" \/>\n<meta property=\"og:type\" content=\"article\" \/>\n<meta property=\"og:title\" content=\"Clermont-Ferrand - Vassy - Jalenques - Courtadon - Journ\u00e9es d&#039;expertise - Cabinet Mar\u00e9chaux\" \/>\n<meta property=\"og:description\" content=\"Les 19 et 20 janvier prochain, la maison de ventes du groupe Ivoire organise des journ\u00e9es d&rsquo;expertise gratuites Lien vers l&rsquo;\u00e9tude\" \/>\n<meta property=\"og:url\" content=\"https:\/\/www.cabinetmarechaux.com\/index.php\/event\/clermont-ferrand-vassy-jalenques-courtadon-journees-dexpertise\/\" \/>\n<meta property=\"og:site_name\" content=\"Cabinet Mar\u00e9chaux\" \/>\n<meta property=\"article:publisher\" content=\"https:\/\/www.facebook.com\/elisabethmarechaux\/?locale=fr_FR\" \/>\n<meta name=\"twitter:card\" content=\"summary_large_image\" \/>\n<script type=\"application\/ld+json\" class=\"yoast-schema-graph\">{\"@context\":\"https:\/\/schema.org\",\"@graph\":[{\"@type\":\"WebPage\",\"@id\":\"https:\/\/www.cabinetmarechaux.com\/index.php\/event\/clermont-ferrand-vassy-jalenques-courtadon-journees-dexpertise\/\",\"url\":\"https:\/\/www.cabinetmarechaux.com\/index.php\/event\/clermont-ferrand-vassy-jalenques-courtadon-journees-dexpertise\/\",\"name\":\"Clermont-Ferrand - Vassy - Jalenques - Courtadon - Journ\u00e9es d'expertise - Cabinet Mar\u00e9chaux\",\"isPartOf\":{\"@id\":\"https:\/\/www.cabinetmarechaux.com\/#website\"},\"datePublished\":\"2023-11-10T09:35:33+00:00\",\"dateModified\":\"2023-11-10T09:35:33+00:00\",\"breadcrumb\":{\"@id\":\"https:\/\/www.cabinetmarechaux.com\/index.php\/event\/clermont-ferrand-vassy-jalenques-courtadon-journees-dexpertise\/#breadcrumb\"},\"inLanguage\":\"fr-FR\",\"potentialAction\":[{\"@type\":\"ReadAction\",\"target\":[\"https:\/\/www.cabinetmarechaux.com\/index.php\/event\/clermont-ferrand-vassy-jalenques-courtadon-journees-dexpertise\/\"]}]},{\"@type\":\"BreadcrumbList\",\"@id\":\"https:\/\/www.cabinetmarechaux.com\/index.php\/event\/clermont-ferrand-vassy-jalenques-courtadon-journees-dexpertise\/#breadcrumb\",\"itemListElement\":[{\"@type\":\"ListItem\",\"position\":1,\"name\":\"Accueil\",\"item\":\"https:\/\/www.cabinetmarechaux.com\/\"},{\"@type\":\"ListItem\",\"position\":2,\"name\":\"\u00c9v\u00e8nements\",\"item\":\"https:\/\/www.cabinetmarechaux.com\/index.php\/events\/\"},{\"@type\":\"ListItem\",\"position\":3,\"name\":\"Clermont-Ferrand &#8211; Vassy &#8211; Jalenques &#8211; Courtadon &#8211; Journ\u00e9es d&rsquo;expertise\"}]},{\"@type\":\"WebSite\",\"@id\":\"https:\/\/www.cabinetmarechaux.com\/#website\",\"url\":\"https:\/\/www.cabinetmarechaux.com\/\",\"name\":\"Cabinet Mar\u00e9chaux\",\"description\":\"Expertise : tableaux, dessins, sculptures des XIXe et XXe si\u00e8cles\",\"publisher\":{\"@id\":\"https:\/\/www.cabinetmarechaux.com\/#organization\"},\"potentialAction\":[{\"@type\":\"SearchAction\",\"target\":{\"@type\":\"EntryPoint\",\"urlTemplate\":\"https:\/\/www.cabinetmarechaux.com\/?s={search_term_string}\"},\"query-input\":\"required name=search_term_string\"}],\"inLanguage\":\"fr-FR\"},{\"@type\":\"Organization\",\"@id\":\"https:\/\/www.cabinetmarechaux.com\/#organization\",\"name\":\"Cabinet Mar\u00e9chaux\",\"url\":\"https:\/\/www.cabinetmarechaux.com\/\",\"logo\":{\"@type\":\"ImageObject\",\"inLanguage\":\"fr-FR\",\"@id\":\"https:\/\/www.cabinetmarechaux.com\/#\/schema\/logo\/image\/\",\"url\":\"https:\/\/www.cabinetmarechaux.com\/wp-content\/uploads\/2023\/06\/cabinet-marechaux.jpg\",\"contentUrl\":\"https:\/\/www.cabinetmarechaux.com\/wp-content\/uploads\/2023\/06\/cabinet-marechaux.jpg\",\"width\":180,\"height\":180,\"caption\":\"Cabinet Mar\u00e9chaux\"},\"image\":{\"@id\":\"https:\/\/www.cabinetmarechaux.com\/#\/schema\/logo\/image\/\"},\"sameAs\":[\"https:\/\/www.facebook.com\/elisabethmarechaux\/?locale=fr_FR\",\"https:\/\/www.instagram.com\/cabinetmarechaux\/\"]}]}<\/script>\n<!-- \/ Yoast SEO plugin. -->","yoast_head_json":{"title":"Clermont-Ferrand - Vassy - Jalenques - Courtadon - Journ\u00e9es d'expertise - Cabinet Mar\u00e9chaux","robots":{"index":"index","follow":"follow","max-snippet":"max-snippet:-1","max-image-preview":"max-image-preview:large","max-video-preview":"max-video-preview:-1"},"canonical":"https:\/\/www.cabinetmarechaux.com\/index.php\/event\/clermont-ferrand-vassy-jalenques-courtadon-journees-dexpertise\/","og_locale":"fr_FR","og_type":"article","og_title":"Clermont-Ferrand - Vassy - Jalenques - Courtadon - Journ\u00e9es d'expertise - Cabinet Mar\u00e9chaux","og_description":"Les 19 et 20 janvier prochain, la maison de ventes du groupe Ivoire organise des journ\u00e9es d&rsquo;expertise gratuites Lien vers l&rsquo;\u00e9tude","og_url":"https:\/\/www.cabinetmarechaux.com\/index.php\/event\/clermont-ferrand-vassy-jalenques-courtadon-journees-dexpertise\/","og_site_name":"Cabinet Mar\u00e9chaux","article_publisher":"https:\/\/www.facebook.com\/elisabethmarechaux\/?locale=fr_FR","twitter_card":"summary_large_image","schema":{"@context":"https:\/\/schema.org","@graph":[{"@type":"WebPage","@id":"https:\/\/www.cabinetmarechaux.com\/index.php\/event\/clermont-ferrand-vassy-jalenques-courtadon-journees-dexpertise\/","url":"https:\/\/www.cabinetmarechaux.com\/index.php\/event\/clermont-ferrand-vassy-jalenques-courtadon-journees-dexpertise\/","name":"Clermont-Ferrand - Vassy - Jalenques - Courtadon - Journ\u00e9es d'expertise - Cabinet Mar\u00e9chaux","isPartOf":{"@id":"https:\/\/www.cabinetmarechaux.com\/#website"},"datePublished":"2023-11-10T09:35:33+00:00","dateModified":"2023-11-10T09:35:33+00:00","breadcrumb":{"@id":"https:\/\/www.cabinetmarechaux.com\/index.php\/event\/clermont-ferrand-vassy-jalenques-courtadon-journees-dexpertise\/#breadcrumb"},"inLanguage":"fr-FR","potentialAction":[{"@type":"ReadAction","target":["https:\/\/www.cabinetmarechaux.com\/index.php\/event\/clermont-ferrand-vassy-jalenques-courtadon-journees-dexpertise\/"]}]},{"@type":"BreadcrumbList","@id":"https:\/\/www.cabinetmarechaux.com\/index.php\/event\/clermont-ferrand-vassy-jalenques-courtadon-journees-dexpertise\/#breadcrumb","itemListElement":[{"@type":"ListItem","position":1,"name":"Accueil","item":"https:\/\/www.cabinetmarechaux.com\/"},{"@type":"ListItem","position":2,"name":"\u00c9v\u00e8nements","item":"https:\/\/www.cabinetmarechaux.com\/index.php\/events\/"},{"@type":"ListItem","position":3,"name":"Clermont-Ferrand &#8211; Vassy &#8211; Jalenques &#8211; Courtadon &#8211; Journ\u00e9es d&rsquo;expertise"}]},{"@type":"WebSite","@id":"https:\/\/www.cabinetmarechaux.com\/#website","url":"https:\/\/www.cabinetmarechaux.com\/","name":"Cabinet Mar\u00e9chaux","description":"Expertise : tableaux, dessins, sculptures des XIXe et XXe si\u00e8cles","publisher":{"@id":"https:\/\/www.cabinetmarechaux.com\/#organization"},"potentialAction":[{"@type":"SearchAction","target":{"@type":"EntryPoint","urlTemplate":"https:\/\/www.cabinetmarechaux.com\/?s={search_term_string}"},"query-input":"required name=search_term_string"}],"inLanguage":"fr-FR"},{"@type":"Organization","@id":"https:\/\/www.cabinetmarechaux.com\/#organization","name":"Cabinet Mar\u00e9chaux","url":"https:\/\/www.cabinetmarechaux.com\/","logo":{"@type":"ImageObject","inLanguage":"fr-FR","@id":"https:\/\/www.cabinetmarechaux.com\/#\/schema\/logo\/image\/","url":"https:\/\/www.cabinetmarechaux.com\/wp-content\/uploads\/2023\/06\/cabinet-marechaux.jpg","contentUrl":"https:\/\/www.cabinetmarechaux.com\/wp-content\/uploads\/2023\/06\/cabinet-marechaux.jpg","width":180,"height":180,"caption":"Cabinet Mar\u00e9chaux"},"image":{"@id":"https:\/\/www.cabinetmarechaux.com\/#\/schema\/logo\/image\/"},"sameAs":["https:\/\/www.facebook.com\/elisabethmarechaux\/?locale=fr_FR","https:\/\/www.instagram.com\/cabinetmarechaux\/"]}]}},"_links":{"self":[{"href":"https:\/\/www.cabinetmarechaux.com\/index.php\/wp-json\/wp\/v2\/tribe_events\/3476","targetHints":{"allow":["GET"]}}],"collection":[{"href":"https:\/\/www.cabinetmarechaux.com\/index.php\/wp-json\/wp\/v2\/tribe_events"}],"about":[{"href":"https:\/\/www.cabinetmarechaux.com\/index.php\/wp-json\/wp\/v2\/types\/tribe_events"}],"author":[{"embeddable":true,"href":"https:\/\/www.cabinetmarechaux.com\/index.php\/wp-json\/wp\/v2\/users\/1"}],"version-history":[{"count":1,"href":"https:\/\/www.cabinetmarechaux.com\/index.php\/wp-json\/wp\/v2\/tribe_events\/3476\/revisions"}],"predecessor-version":[{"id":3477,"href":"https:\/\/www.cabinetmarechaux.com\/index.php\/wp-json\/wp\/v2\/tribe_events\/3476\/revisions\/3477"}],"wp:attachment":[{"href":"https:\/\/www.cabinetmarechaux.com\/index.php\/wp-json\/wp\/v2\/media?parent=3476"}],"wp:term":[{"taxonomy":"post_tag","embeddable":true,"href":"https:\/\/www.cabinetmarechaux.com\/index.php\/wp-json\/wp\/v2\/tags?post=3476"},{"taxonomy":"tribe_events_cat","embeddable":true,"href":"https:\/\/www.cabinetmarechaux.com\/index.php\/wp-json\/wp\/v2\/tribe_events_cat?post=3476"}],"curies":[{"name":"wp","href":"https:\/\/api.w.org\/{rel}","templated":true}]}}

Clermont-Ferrand &#8211; Vassy &#8211; Jalenques &#8211; Courtadon &#8211; Journées d&rsquo;expertise

<p>Les 19 et 20 janvier prochain, la maison de ventes du groupe Ivoire organise des journées d&rsquo;expertise gratuites</p>
<p><a href="https://www.interencheres.com/commissaire-priseur/vassy-et-courtadon-selarl-et-hotel-des-ventes-de-clermont-ferrand-sarl-72/">Lien vers l&rsquo;étude</a></p>

<p>Les 19 et 20 janvier prochain, la maison de ventes du groupe Ivoire organise des journées d&rsquo;expertise gratuites Lien vers l&rsquo;étude</p>

<!-- This site is optimized with the Yoast SEO plugin v20.10 - https://yoast.com/wordpress/plugins/seo/ -->
<title>Clermont-Ferrand - Vassy - Jalenques - Courtadon - Journées d&#039;expertise - Cabinet Maréchaux</title>
<meta name="robots" content="index, follow, max-snippet:-1, max-image-preview:large, max-video-preview:-1" />
<link rel="canonical" href="https://www.cabinetmarechaux.com/index.php/event/clermont-ferrand-vassy-jalenques-courtadon-journees-dexpertise/" />
<meta property="og:locale" content="fr_FR" />
<meta property="og:type" content="article" />
<meta property="og:title" content="Clermont-Ferrand - Vassy - Jalenques - Courtadon - Journées d&#039;expertise - Cabinet Maréchaux" />
<meta property="og:description" content="Les 19 et 20 janvier prochain, la maison de ventes du groupe Ivoire organise des journées d&rsquo;expertise gratuites Lien vers l&rsquo;étude" />
<meta property="og:url" content="https://www.cabinetmarechaux.com/index.php/event/clermont-ferrand-vassy-jalenques-courtadon-journees-dexpertise/" />
<meta property="og:site_name" content="Cabinet Maréchaux" />
<meta property="article:publisher" content="https://www.facebook.com/elisabethmarechaux/?locale=fr_FR" />
<meta name="twitter:card" content="summary_large_image" />
<script type="application/ld+json" class="yoast-schema-graph">{"@context":"https://schema.org","@graph":[{"@type":"WebPage","@id":"https://www.cabinetmarechaux.com/index.php/event/clermont-ferrand-vassy-jalenques-courtadon-journees-dexpertise/","url":"https://www.cabinetmarechaux.com/index.php/event/clermont-ferrand-vassy-jalenques-courtadon-journees-dexpertise/","name":"Clermont-Ferrand - Vassy - Jalenques - Courtadon - Journées d'expertise - Cabinet Maréchaux","isPartOf":{"@id":"https://www.cabinetmarechaux.com/#website"},"datePublished":"2023-11-10T09:35:33+00:00","dateModified":"2023-11-10T09:35:33+00:00","breadcrumb":{"@id":"https://www.cabinetmarechaux.com/index.php/event/clermont-ferrand-vassy-jalenques-courtadon-journees-dexpertise/#breadcrumb"},"inLanguage":"fr-FR","potentialAction":[{"@type":"ReadAction","target":["https://www.cabinetmarechaux.com/index.php/event/clermont-ferrand-vassy-jalenques-courtadon-journees-dexpertise/"]}]},{"@type":"BreadcrumbList","@id":"https://www.cabinetmarechaux.com/index.php/event/clermont-ferrand-vassy-jalenques-courtadon-journees-dexpertise/#breadcrumb","itemListElement":[{"@type":"ListItem","position":1,"name":"Accueil","item":"https://www.cabinetmarechaux.com/"},{"@type":"ListItem","position":2,"name":"Évènements","item":"https://www.cabinetmarechaux.com/index.php/events/"},{"@type":"ListItem","position":3,"name":"Clermont-Ferrand &#8211; Vassy &#8211; Jalenques &#8211; Courtadon &#8211; Journées d&rsquo;expertise"}]},{"@type":"WebSite","@id":"https://www.cabinetmarechaux.com/#website","url":"https://www.cabinetmarechaux.com/","name":"Cabinet Maréchaux","description":"Expertise : tableaux, dessins, sculptures des XIXe et XXe siècles","publisher":{"@id":"https://www.cabinetmarechaux.com/#organization"},"potentialAction":[{"@type":"SearchAction","target":{"@type":"EntryPoint","urlTemplate":"https://www.cabinetmarechaux.com/?s={search_term_string}"},"query-input":"required name=search_term_string"}],"inLanguage":"fr-FR"},{"@type":"Organization","@id":"https://www.cabinetmarechaux.com/#organization","name":"Cabinet Maréchaux","url":"https://www.cabinetmarechaux.com/","logo":{"@type":"ImageObject","inLanguage":"fr-FR","@id":"https://www.cabinetmarechaux.com/#/schema/logo/image/","url":"https://www.cabinetmarechaux.com/wp-content/uploads/2023/06/cabinet-marechaux.jpg","contentUrl":"https://www.cabinetmarechaux.com/wp-content/uploads/2023/06/cabinet-marechaux.jpg","width":180,"height":180,"caption":"Cabinet Maréchaux"},"image":{"@id":"https://www.cabinetmarechaux.com/#/schema/logo/image/"},"sameAs":["https://www.facebook.com/elisabethmarechaux/?locale=fr_FR","https://www.instagram.com/cabinetmarechaux/"]}]}</script>
<!-- / Yoast SEO plugin. -->

Clermont-Ferrand - Vassy - Jalenques - Courtadon - Journées d'expertise - Cabinet Maréchaux

Les 19 et 20 janvier prochain, la maison de ventes du groupe Ivoire organise des journées d&rsquo;expertise gratuites Lien vers l&rsquo;étude

Cabinet Maréchaux

Évènements

Expertise : tableaux, dessins, sculptures des XIXe et XXe siècles
