{"id":4542,"date":"2026-08-31T13:20:35","date_gmt":"2026-08-31T11:20:35","guid":{"rendered":"https:\/\/www.cabinetmarechaux.com\/?post_type=tribe_events&#038;p=4542"},"modified":"2026-08-31T13:20:35","modified_gmt":"2026-08-31T11:20:35","slug":"aurelien-lechertier-hotel-drouot","status":"publish","type":"tribe_events","link":"https:\/\/www.cabinetmarechaux.com\/index.php\/event\/aurelien-lechertier-hotel-drouot\/","title":{"rendered":"Aur\u00e9lien Lechertier &#8211; H\u00f4tel Drouot"},"content":{"rendered":"<p>Exposition : samedi 19 et dimanche 20 septembre 2026<br \/>\nVente lundi 21 septembre 2026<\/p>\n<p>Dans le cadre des \u00e9v\u00e9nements organis\u00e9s par l&rsquo;h\u00f4tel Drouot dans le cadre des journ\u00e9es du Patrimoine, Elisabeth Mar\u00e9chaux pr\u00e9sentera le tableau.<\/p>\n<p><a href=\"https:\/\/aurelienlechertier.com\/lot\/172072\/34751380-john-singer-sargent-1856-1925-portrait-denfant-rene-kieffer\">Voir le catalogue de la vente<\/a><\/p>\n<p>Lot n\u00b043<\/p>\n<p>John Singer SARGENT (1856-1925)<br \/>\nPortrait d\u2019enfant, Ren\u00e9 Kieffer, 1879<br \/>\nHuile sur toile sign\u00e9e en haut \u00e0 gauche et dat\u00e9e<br \/>\n46 x 38 cm  <\/p>\n<p>Provenance : descendant du mod\u00e8le  <\/p>\n<p>Bibliographie :<br \/>\n&#8211; Charles Merrill Mount, John Singer Sargent, A biography, W.W Norton &#038; Company inc., 1955, n\u00b0 793, p. 428<br \/>\n&#8211; David McKibbin, Sargent\u2019s Boston, Museum of Fine Arts, Boston, 1956 d\u00e9crit p.104<br \/>\n&#8211; Charles Merrill Mount, John Songer Sargent, A biography, New York. W.W Norton &#038; Company inc., Kraus reprint Co, 1969, p. 443 &#8211; Richard Ormond, Elaine Kilmurray, John Singer Sargent, the early portraits, Yale University Press, New Haven and London, 1998, d\u00e9crit p.48, n\u00b028  <\/p>\n<p>John Singer SARGENT (1856\u20131925)<br \/>\nPortrait of Ren\u00e9 Kieffer, 1879<br \/>\nOil on canvas Signed and dated upper left 46 \u00d7 38 cm<br \/>\nProvenance: By descent from the sitter&rsquo;s family.  <\/p>\n<p>Literature:<br \/>\n&#8211; Charles Merrill Mount, John Singer Sargent: A Biography, W. W. Norton &#038; Company, Inc., New York, 1955, no. 793, p. 428.<br \/>\n&#8211; David McKibbin, Sargent&rsquo;s Boston, Museum of Fine Arts, Boston, 1956, p. 104 (discussed). &#8211; Charles Merrill Mount, John Singer Sargent: A Biography, New York, W. W. Norton &#038; Company, Inc.; Kraus Reprint Co., 1969, p. 443.<br \/>\n&#8211; Richard Ormond and Elaine Kilmurray, John Singer Sargent: The Early Portraits, Yale University Press, New Haven and London, 1998, p. 48, no. 28 (catalogue raisonn\u00e9). <\/p>\n","protected":false},"excerpt":{"rendered":"<p>Exposition : samedi 19 et dimanche 20 septembre 2026 Vente lundi 21 septembre 2026 Dans le cadre des \u00e9v\u00e9nements organis\u00e9s par l&rsquo;h\u00f4tel Drouot dans le cadre des journ\u00e9es du Patrimoine, &hellip; <\/p>\n<p class=\"link-more\"><a href=\"https:\/\/www.cabinetmarechaux.com\/index.php\/event\/aurelien-lechertier-hotel-drouot\/\" class=\"more-link\">Lire la suite de<span class=\"screen-reader-text\">\u00ab\u00a0Aur\u00e9lien Lechertier &#8211; H\u00f4tel Drouot\u00a0\u00bb<\/span><\/a><\/p>\n","protected":false},"author":1,"featured_media":4543,"template":"","meta":{"_monsterinsights_skip_tracking":false,"ngg_post_thumbnail":0,"_tribe_events_status":"","_tribe_events_status_reason":"","footnotes":""},"tags":[],"tribe_events_cat":[10],"class_list":["post-4542","tribe_events","type-tribe_events","status-publish","has-post-thumbnail","hentry","tribe_events_cat-ventes","cat_ventes"],"yoast_head":"<!-- This site is optimized with the Yoast SEO plugin v20.10 - https:\/\/yoast.com\/wordpress\/plugins\/seo\/ -->\n<title>Aur\u00e9lien Lechertier - H\u00f4tel Drouot - Cabinet Mar\u00e9chaux<\/title>\n<meta name=\"robots\" content=\"index, follow, max-snippet:-1, max-image-preview:large, max-video-preview:-1\" \/>\n<link rel=\"canonical\" href=\"https:\/\/www.cabinetmarechaux.com\/index.php\/event\/aurelien-lechertier-hotel-drouot\/\" \/>\n<meta property=\"og:locale\" content=\"fr_FR\" \/>\n<meta property=\"og:type\" content=\"article\" \/>\n<meta property=\"og:title\" content=\"Aur\u00e9lien Lechertier - H\u00f4tel Drouot - Cabinet Mar\u00e9chaux\" \/>\n<meta property=\"og:description\" content=\"Exposition : samedi 19 et dimanche 20 septembre 2026 Vente lundi 21 septembre 2026 Dans le cadre des \u00e9v\u00e9nements organis\u00e9s par l&rsquo;h\u00f4tel Drouot dans le cadre des journ\u00e9es du Patrimoine, &hellip; Lire la suite de\u00ab\u00a0Aur\u00e9lien Lechertier &#8211; H\u00f4tel Drouot\u00a0\u00bb\" \/>\n<meta property=\"og:url\" content=\"https:\/\/www.cabinetmarechaux.com\/index.php\/event\/aurelien-lechertier-hotel-drouot\/\" \/>\n<meta property=\"og:site_name\" content=\"Cabinet Mar\u00e9chaux\" \/>\n<meta property=\"article:publisher\" content=\"https:\/\/www.facebook.com\/elisabethmarechaux\/?locale=fr_FR\" \/>\n<meta property=\"og:image\" content=\"https:\/\/www.cabinetmarechaux.com\/wp-content\/uploads\/2026\/08\/IMG_0978-scaled.jpeg\" \/>\n\t<meta property=\"og:image:width\" content=\"2106\" \/>\n\t<meta property=\"og:image:height\" content=\"2560\" \/>\n\t<meta property=\"og:image:type\" content=\"image\/jpeg\" \/>\n<meta name=\"twitter:card\" content=\"summary_large_image\" \/>\n<script type=\"application\/ld+json\" class=\"yoast-schema-graph\">{\"@context\":\"https:\/\/schema.org\",\"@graph\":[{\"@type\":\"WebPage\",\"@id\":\"https:\/\/www.cabinetmarechaux.com\/index.php\/event\/aurelien-lechertier-hotel-drouot\/\",\"url\":\"https:\/\/www.cabinetmarechaux.com\/index.php\/event\/aurelien-lechertier-hotel-drouot\/\",\"name\":\"Aur\u00e9lien Lechertier - H\u00f4tel Drouot - Cabinet Mar\u00e9chaux\",\"isPartOf\":{\"@id\":\"https:\/\/www.cabinetmarechaux.com\/#website\"},\"datePublished\":\"2026-08-31T11:20:35+00:00\",\"dateModified\":\"2026-08-31T11:20:35+00:00\",\"breadcrumb\":{\"@id\":\"https:\/\/www.cabinetmarechaux.com\/index.php\/event\/aurelien-lechertier-hotel-drouot\/#breadcrumb\"},\"inLanguage\":\"fr-FR\",\"potentialAction\":[{\"@type\":\"ReadAction\",\"target\":[\"https:\/\/www.cabinetmarechaux.com\/index.php\/event\/aurelien-lechertier-hotel-drouot\/\"]}]},{\"@type\":\"BreadcrumbList\",\"@id\":\"https:\/\/www.cabinetmarechaux.com\/index.php\/event\/aurelien-lechertier-hotel-drouot\/#breadcrumb\",\"itemListElement\":[{\"@type\":\"ListItem\",\"position\":1,\"name\":\"Accueil\",\"item\":\"https:\/\/www.cabinetmarechaux.com\/\"},{\"@type\":\"ListItem\",\"position\":2,\"name\":\"\u00c9v\u00e8nements\",\"item\":\"https:\/\/www.cabinetmarechaux.com\/index.php\/events\/\"},{\"@type\":\"ListItem\",\"position\":3,\"name\":\"Aur\u00e9lien Lechertier &#8211; H\u00f4tel Drouot\"}]},{\"@type\":\"WebSite\",\"@id\":\"https:\/\/www.cabinetmarechaux.com\/#website\",\"url\":\"https:\/\/www.cabinetmarechaux.com\/\",\"name\":\"Cabinet Mar\u00e9chaux\",\"description\":\"Expertise : tableaux, dessins, sculptures des XIXe et XXe si\u00e8cles\",\"publisher\":{\"@id\":\"https:\/\/www.cabinetmarechaux.com\/#organization\"},\"potentialAction\":[{\"@type\":\"SearchAction\",\"target\":{\"@type\":\"EntryPoint\",\"urlTemplate\":\"https:\/\/www.cabinetmarechaux.com\/?s={search_term_string}\"},\"query-input\":\"required name=search_term_string\"}],\"inLanguage\":\"fr-FR\"},{\"@type\":\"Organization\",\"@id\":\"https:\/\/www.cabinetmarechaux.com\/#organization\",\"name\":\"Cabinet Mar\u00e9chaux\",\"url\":\"https:\/\/www.cabinetmarechaux.com\/\",\"logo\":{\"@type\":\"ImageObject\",\"inLanguage\":\"fr-FR\",\"@id\":\"https:\/\/www.cabinetmarechaux.com\/#\/schema\/logo\/image\/\",\"url\":\"https:\/\/www.cabinetmarechaux.com\/wp-content\/uploads\/2023\/06\/cabinet-marechaux.jpg\",\"contentUrl\":\"https:\/\/www.cabinetmarechaux.com\/wp-content\/uploads\/2023\/06\/cabinet-marechaux.jpg\",\"width\":180,\"height\":180,\"caption\":\"Cabinet Mar\u00e9chaux\"},\"image\":{\"@id\":\"https:\/\/www.cabinetmarechaux.com\/#\/schema\/logo\/image\/\"},\"sameAs\":[\"https:\/\/www.facebook.com\/elisabethmarechaux\/?locale=fr_FR\",\"https:\/\/www.instagram.com\/cabinetmarechaux\/\"]}]}<\/script>\n<!-- \/ Yoast SEO plugin. -->","yoast_head_json":{"title":"Aur\u00e9lien Lechertier - H\u00f4tel Drouot - Cabinet Mar\u00e9chaux","robots":{"index":"index","follow":"follow","max-snippet":"max-snippet:-1","max-image-preview":"max-image-preview:large","max-video-preview":"max-video-preview:-1"},"canonical":"https:\/\/www.cabinetmarechaux.com\/index.php\/event\/aurelien-lechertier-hotel-drouot\/","og_locale":"fr_FR","og_type":"article","og_title":"Aur\u00e9lien Lechertier - H\u00f4tel Drouot - Cabinet Mar\u00e9chaux","og_description":"Exposition : samedi 19 et dimanche 20 septembre 2026 Vente lundi 21 septembre 2026 Dans le cadre des \u00e9v\u00e9nements organis\u00e9s par l&rsquo;h\u00f4tel Drouot dans le cadre des journ\u00e9es du Patrimoine, &hellip; Lire la suite de\u00ab\u00a0Aur\u00e9lien Lechertier &#8211; H\u00f4tel Drouot\u00a0\u00bb","og_url":"https:\/\/www.cabinetmarechaux.com\/index.php\/event\/aurelien-lechertier-hotel-drouot\/","og_site_name":"Cabinet Mar\u00e9chaux","article_publisher":"https:\/\/www.facebook.com\/elisabethmarechaux\/?locale=fr_FR","og_image":[{"width":2106,"height":2560,"url":"https:\/\/www.cabinetmarechaux.com\/wp-content\/uploads\/2026\/08\/IMG_0978-scaled.jpeg","type":"image\/jpeg"}],"twitter_card":"summary_large_image","schema":{"@context":"https:\/\/schema.org","@graph":[{"@type":"WebPage","@id":"https:\/\/www.cabinetmarechaux.com\/index.php\/event\/aurelien-lechertier-hotel-drouot\/","url":"https:\/\/www.cabinetmarechaux.com\/index.php\/event\/aurelien-lechertier-hotel-drouot\/","name":"Aur\u00e9lien Lechertier - H\u00f4tel Drouot - Cabinet Mar\u00e9chaux","isPartOf":{"@id":"https:\/\/www.cabinetmarechaux.com\/#website"},"datePublished":"2026-08-31T11:20:35+00:00","dateModified":"2026-08-31T11:20:35+00:00","breadcrumb":{"@id":"https:\/\/www.cabinetmarechaux.com\/index.php\/event\/aurelien-lechertier-hotel-drouot\/#breadcrumb"},"inLanguage":"fr-FR","potentialAction":[{"@type":"ReadAction","target":["https:\/\/www.cabinetmarechaux.com\/index.php\/event\/aurelien-lechertier-hotel-drouot\/"]}]},{"@type":"BreadcrumbList","@id":"https:\/\/www.cabinetmarechaux.com\/index.php\/event\/aurelien-lechertier-hotel-drouot\/#breadcrumb","itemListElement":[{"@type":"ListItem","position":1,"name":"Accueil","item":"https:\/\/www.cabinetmarechaux.com\/"},{"@type":"ListItem","position":2,"name":"\u00c9v\u00e8nements","item":"https:\/\/www.cabinetmarechaux.com\/index.php\/events\/"},{"@type":"ListItem","position":3,"name":"Aur\u00e9lien Lechertier &#8211; H\u00f4tel Drouot"}]},{"@type":"WebSite","@id":"https:\/\/www.cabinetmarechaux.com\/#website","url":"https:\/\/www.cabinetmarechaux.com\/","name":"Cabinet Mar\u00e9chaux","description":"Expertise : tableaux, dessins, sculptures des XIXe et XXe si\u00e8cles","publisher":{"@id":"https:\/\/www.cabinetmarechaux.com\/#organization"},"potentialAction":[{"@type":"SearchAction","target":{"@type":"EntryPoint","urlTemplate":"https:\/\/www.cabinetmarechaux.com\/?s={search_term_string}"},"query-input":"required name=search_term_string"}],"inLanguage":"fr-FR"},{"@type":"Organization","@id":"https:\/\/www.cabinetmarechaux.com\/#organization","name":"Cabinet Mar\u00e9chaux","url":"https:\/\/www.cabinetmarechaux.com\/","logo":{"@type":"ImageObject","inLanguage":"fr-FR","@id":"https:\/\/www.cabinetmarechaux.com\/#\/schema\/logo\/image\/","url":"https:\/\/www.cabinetmarechaux.com\/wp-content\/uploads\/2023\/06\/cabinet-marechaux.jpg","contentUrl":"https:\/\/www.cabinetmarechaux.com\/wp-content\/uploads\/2023\/06\/cabinet-marechaux.jpg","width":180,"height":180,"caption":"Cabinet Mar\u00e9chaux"},"image":{"@id":"https:\/\/www.cabinetmarechaux.com\/#\/schema\/logo\/image\/"},"sameAs":["https:\/\/www.facebook.com\/elisabethmarechaux\/?locale=fr_FR","https:\/\/www.instagram.com\/cabinetmarechaux\/"]}]}},"_links":{"self":[{"href":"https:\/\/www.cabinetmarechaux.com\/index.php\/wp-json\/wp\/v2\/tribe_events\/4542","targetHints":{"allow":["GET"]}}],"collection":[{"href":"https:\/\/www.cabinetmarechaux.com\/index.php\/wp-json\/wp\/v2\/tribe_events"}],"about":[{"href":"https:\/\/www.cabinetmarechaux.com\/index.php\/wp-json\/wp\/v2\/types\/tribe_events"}],"author":[{"embeddable":true,"href":"https:\/\/www.cabinetmarechaux.com\/index.php\/wp-json\/wp\/v2\/users\/1"}],"version-history":[{"count":1,"href":"https:\/\/www.cabinetmarechaux.com\/index.php\/wp-json\/wp\/v2\/tribe_events\/4542\/revisions"}],"predecessor-version":[{"id":4544,"href":"https:\/\/www.cabinetmarechaux.com\/index.php\/wp-json\/wp\/v2\/tribe_events\/4542\/revisions\/4544"}],"wp:featuredmedia":[{"embeddable":true,"href":"https:\/\/www.cabinetmarechaux.com\/index.php\/wp-json\/wp\/v2\/media\/4543"}],"wp:attachment":[{"href":"https:\/\/www.cabinetmarechaux.com\/index.php\/wp-json\/wp\/v2\/media?parent=4542"}],"wp:term":[{"taxonomy":"post_tag","embeddable":true,"href":"https:\/\/www.cabinetmarechaux.com\/index.php\/wp-json\/wp\/v2\/tags?post=4542"},{"taxonomy":"tribe_events_cat","embeddable":true,"href":"https:\/\/www.cabinetmarechaux.com\/index.php\/wp-json\/wp\/v2\/tribe_events_cat?post=4542"}],"curies":[{"name":"wp","href":"https:\/\/api.w.org\/{rel}","templated":true}]}}

Aurélien Lechertier &#8211; Hôtel Drouot

<p>Exposition : samedi 19 et dimanche 20 septembre 2026<br />
Vente lundi 21 septembre 2026</p>
<p>Dans le cadre des événements organisés par l&rsquo;hôtel Drouot dans le cadre des journées du Patrimoine, Elisabeth Maréchaux présentera le tableau.</p>
<p><a href="https://aurelienlechertier.com/lot/172072/34751380-john-singer-sargent-1856-1925-portrait-denfant-rene-kieffer">Voir le catalogue de la vente</a></p>
<p>Lot n°43</p>
<p>John Singer SARGENT (1856-1925)<br />
Portrait d’enfant, René Kieffer, 1879<br />
Huile sur toile signée en haut à gauche et datée<br />
46 x 38 cm  </p>
<p>Provenance : descendant du modèle  </p>
<p>Bibliographie :<br />
&#8211; Charles Merrill Mount, John Singer Sargent, A biography, W.W Norton &#038; Company inc., 1955, n° 793, p. 428<br />
&#8211; David McKibbin, Sargent’s Boston, Museum of Fine Arts, Boston, 1956 décrit p.104<br />
&#8211; Charles Merrill Mount, John Songer Sargent, A biography, New York. W.W Norton &#038; Company inc., Kraus reprint Co, 1969, p. 443 &#8211; Richard Ormond, Elaine Kilmurray, John Singer Sargent, the early portraits, Yale University Press, New Haven and London, 1998, décrit p.48, n°28  </p>
<p>John Singer SARGENT (1856–1925)<br />
Portrait of René Kieffer, 1879<br />
Oil on canvas Signed and dated upper left 46 × 38 cm<br />
Provenance: By descent from the sitter&rsquo;s family.  </p>
<p>Literature:<br />
&#8211; Charles Merrill Mount, John Singer Sargent: A Biography, W. W. Norton &#038; Company, Inc., New York, 1955, no. 793, p. 428.<br />
&#8211; David McKibbin, Sargent&rsquo;s Boston, Museum of Fine Arts, Boston, 1956, p. 104 (discussed). &#8211; Charles Merrill Mount, John Singer Sargent: A Biography, New York, W. W. Norton &#038; Company, Inc.; Kraus Reprint Co., 1969, p. 443.<br />
&#8211; Richard Ormond and Elaine Kilmurray, John Singer Sargent: The Early Portraits, Yale University Press, New Haven and London, 1998, p. 48, no. 28 (catalogue raisonné). </p>

<p>Exposition : samedi 19 et dimanche 20 septembre 2026 Vente lundi 21 septembre 2026 Dans le cadre des événements organisés par l&rsquo;hôtel Drouot dans le cadre des journées du Patrimoine, &hellip; </p>
<p class="link-more"><a href="https://www.cabinetmarechaux.com/index.php/event/aurelien-lechertier-hotel-drouot/" class="more-link">Lire la suite de<span class="screen-reader-text">« Aurélien Lechertier &#8211; Hôtel Drouot »</span></a></p>

<!-- This site is optimized with the Yoast SEO plugin v20.10 - https://yoast.com/wordpress/plugins/seo/ -->
<title>Aurélien Lechertier - Hôtel Drouot - Cabinet Maréchaux</title>
<meta name="robots" content="index, follow, max-snippet:-1, max-image-preview:large, max-video-preview:-1" />
<link rel="canonical" href="https://www.cabinetmarechaux.com/index.php/event/aurelien-lechertier-hotel-drouot/" />
<meta property="og:locale" content="fr_FR" />
<meta property="og:type" content="article" />
<meta property="og:title" content="Aurélien Lechertier - Hôtel Drouot - Cabinet Maréchaux" />
<meta property="og:description" content="Exposition : samedi 19 et dimanche 20 septembre 2026 Vente lundi 21 septembre 2026 Dans le cadre des événements organisés par l&rsquo;hôtel Drouot dans le cadre des journées du Patrimoine, &hellip; Lire la suite de« Aurélien Lechertier &#8211; Hôtel Drouot »" />
<meta property="og:url" content="https://www.cabinetmarechaux.com/index.php/event/aurelien-lechertier-hotel-drouot/" />
<meta property="og:site_name" content="Cabinet Maréchaux" />
<meta property="article:publisher" content="https://www.facebook.com/elisabethmarechaux/?locale=fr_FR" />
<meta property="og:image" content="https://www.cabinetmarechaux.com/wp-content/uploads/2026/08/IMG_0978-scaled.jpeg" />
	<meta property="og:image:width" content="2106" />
	<meta property="og:image:height" content="2560" />
	<meta property="og:image:type" content="image/jpeg" />
<meta name="twitter:card" content="summary_large_image" />
<script type="application/ld+json" class="yoast-schema-graph">{"@context":"https://schema.org","@graph":[{"@type":"WebPage","@id":"https://www.cabinetmarechaux.com/index.php/event/aurelien-lechertier-hotel-drouot/","url":"https://www.cabinetmarechaux.com/index.php/event/aurelien-lechertier-hotel-drouot/","name":"Aurélien Lechertier - Hôtel Drouot - Cabinet Maréchaux","isPartOf":{"@id":"https://www.cabinetmarechaux.com/#website"},"datePublished":"2026-08-31T11:20:35+00:00","dateModified":"2026-08-31T11:20:35+00:00","breadcrumb":{"@id":"https://www.cabinetmarechaux.com/index.php/event/aurelien-lechertier-hotel-drouot/#breadcrumb"},"inLanguage":"fr-FR","potentialAction":[{"@type":"ReadAction","target":["https://www.cabinetmarechaux.com/index.php/event/aurelien-lechertier-hotel-drouot/"]}]},{"@type":"BreadcrumbList","@id":"https://www.cabinetmarechaux.com/index.php/event/aurelien-lechertier-hotel-drouot/#breadcrumb","itemListElement":[{"@type":"ListItem","position":1,"name":"Accueil","item":"https://www.cabinetmarechaux.com/"},{"@type":"ListItem","position":2,"name":"Évènements","item":"https://www.cabinetmarechaux.com/index.php/events/"},{"@type":"ListItem","position":3,"name":"Aurélien Lechertier &#8211; Hôtel Drouot"}]},{"@type":"WebSite","@id":"https://www.cabinetmarechaux.com/#website","url":"https://www.cabinetmarechaux.com/","name":"Cabinet Maréchaux","description":"Expertise : tableaux, dessins, sculptures des XIXe et XXe siècles","publisher":{"@id":"https://www.cabinetmarechaux.com/#organization"},"potentialAction":[{"@type":"SearchAction","target":{"@type":"EntryPoint","urlTemplate":"https://www.cabinetmarechaux.com/?s={search_term_string}"},"query-input":"required name=search_term_string"}],"inLanguage":"fr-FR"},{"@type":"Organization","@id":"https://www.cabinetmarechaux.com/#organization","name":"Cabinet Maréchaux","url":"https://www.cabinetmarechaux.com/","logo":{"@type":"ImageObject","inLanguage":"fr-FR","@id":"https://www.cabinetmarechaux.com/#/schema/logo/image/","url":"https://www.cabinetmarechaux.com/wp-content/uploads/2023/06/cabinet-marechaux.jpg","contentUrl":"https://www.cabinetmarechaux.com/wp-content/uploads/2023/06/cabinet-marechaux.jpg","width":180,"height":180,"caption":"Cabinet Maréchaux"},"image":{"@id":"https://www.cabinetmarechaux.com/#/schema/logo/image/"},"sameAs":["https://www.facebook.com/elisabethmarechaux/?locale=fr_FR","https://www.instagram.com/cabinetmarechaux/"]}]}</script>
<!-- / Yoast SEO plugin. -->

Aurélien Lechertier - Hôtel Drouot - Cabinet Maréchaux

Exposition : samedi 19 et dimanche 20 septembre 2026 Vente lundi 21 septembre 2026 Dans le cadre des événements organisés par l&rsquo;hôtel Drouot dans le cadre des journées du Patrimoine, &hellip; Lire la suite de« Aurélien Lechertier &#8211; Hôtel Drouot »

Cabinet Maréchaux

Évènements

Expertise : tableaux, dessins, sculptures des XIXe et XXe siècles
